CRAN Package Check Results for Package personalr

Last updated on 2021-10-22 12:59:23 CEST.

Flavor Version Tinstall Tcheck Ttotal Status Flags
r-devel-linux-x86_64-debian-clang 1.0.1 2.35 22.29 24.64 NOTE
r-devel-linux-x86_64-debian-gcc 1.0.1 1.80 17.73 19.53 NOTE
r-devel-linux-x86_64-fedora-clang 1.0.1 44.05 NOTE
r-devel-linux-x86_64-fedora-gcc 1.0.1 31.54 NOTE
r-devel-windows-x86_64 1.0.1 5.00 43.00 48.00 NOTE
r-devel-windows-x86_64-gcc10-UCRT 1.0.1 NOTE
r-patched-linux-x86_64 1.0.1 2.31 22.22 24.53 NOTE
r-patched-solaris-x86 1.0.1 47.50 NOTE
r-release-linux-x86_64 1.0.1 2.26 22.32 24.58 NOTE
r-release-macos-arm64 1.0.1 NOTE
r-release-macos-x86_64 1.0.1 NOTE
r-release-windows-ix86+x86_64 1.0.1 7.00 42.00 49.00 NOTE
r-oldrel-macos-x86_64 1.0.1 OK
r-oldrel-windows-ix86+x86_64 1.0.1 6.00 50.00 56.00 OK

Check Details

Version: 1.0.1
Check: LazyData
Result: NOTE
     'LazyData' is specified without a 'data' directory
Flavors: r-devel-linux-x86_64-debian-clang, r-devel-linux-x86_64-debian-gcc, r-devel-linux-x86_64-fedora-clang, r-devel-linux-x86_64-fedora-gcc, r-devel-windows-x86_64, r-devel-windows-x86_64-gcc10-UCRT, r-patched-linux-x86_64, r-patched-solaris-x86, r-release-linux-x86_64, r-release-macos-arm64, r-release-macos-x86_64, r-release-windows-ix86+x86_64