CRAN Package Check Results for Package peruse

Last updated on 2021-10-26 09:09:34 CEST.

Flavor Version Tinstall Tcheck Ttotal Status Flags
r-devel-linux-x86_64-debian-clang 0.3.1 2.50 26.06 28.56 NOTE
r-devel-linux-x86_64-debian-gcc 0.3.1 1.80 20.32 22.12 NOTE
r-devel-linux-x86_64-fedora-clang 0.3.1 44.60 NOTE
r-devel-linux-x86_64-fedora-gcc 0.3.1 34.14 NOTE
r-devel-windows-x86_64 0.3.1 7.00 63.00 70.00 NOTE
r-devel-windows-x86_64-gcc10-UCRT 0.3.1 NOTE
r-patched-linux-x86_64 0.3.1 2.13 25.72 27.85 NOTE
r-patched-solaris-x86 0.3.1 53.40 NOTE
r-release-linux-x86_64 0.3.1 2.08 25.68 27.76 NOTE
r-release-macos-arm64 0.3.1 NOTE
r-release-macos-x86_64 0.3.1 NOTE
r-release-windows-ix86+x86_64 0.3.1 5.00 53.00 58.00 NOTE
r-oldrel-macos-x86_64 0.3.1 OK
r-oldrel-windows-ix86+x86_64 0.3.1 5.00 44.00 49.00 OK

Check Details

Version: 0.3.1
Check: LazyData
Result: NOTE
     'LazyData' is specified without a 'data' directory
Flavors: r-devel-linux-x86_64-debian-clang, r-devel-linux-x86_64-debian-gcc, r-devel-linux-x86_64-fedora-clang, r-devel-linux-x86_64-fedora-gcc, r-devel-windows-x86_64, r-devel-windows-x86_64-gcc10-UCRT, r-patched-linux-x86_64, r-patched-solaris-x86, r-release-linux-x86_64, r-release-macos-arm64, r-release-macos-x86_64, r-release-windows-ix86+x86_64