CRAN Package Check Results for Package petrinetR

Last updated on 2021-10-27 16:49:13 CEST.

Flavor Version Tinstall Tcheck Ttotal Status Flags
r-devel-linux-x86_64-debian-clang 0.2.1 4.92 47.69 52.61 NOTE
r-devel-linux-x86_64-debian-gcc 0.2.1 4.30 35.54 39.84 NOTE
r-devel-linux-x86_64-fedora-clang 0.2.1 74.58 NOTE
r-devel-linux-x86_64-fedora-gcc 0.2.1 59.82 NOTE
r-devel-windows-x86_64 0.2.1 10.00 63.00 73.00 NOTE
r-devel-windows-x86_64-gcc10-UCRT 0.2.1 NOTE
r-patched-linux-x86_64 0.2.1 5.73 43.64 49.37 NOTE
r-patched-solaris-x86 0.2.1 95.20 NOTE
r-release-linux-x86_64 0.2.1 5.43 44.45 49.88 NOTE
r-release-macos-arm64 0.2.1 NOTE
r-release-macos-x86_64 0.2.1 NOTE
r-release-windows-ix86+x86_64 0.2.1 10.00 71.00 81.00 NOTE
r-oldrel-macos-x86_64 0.2.1 OK
r-oldrel-windows-ix86+x86_64 0.2.1 14.00 64.00 78.00 OK

Check Details

Version: 0.2.1
Check: LazyData
Result: NOTE
     'LazyData' is specified without a 'data' directory
Flavors: r-devel-linux-x86_64-debian-clang, r-devel-linux-x86_64-debian-gcc, r-devel-linux-x86_64-fedora-clang, r-devel-linux-x86_64-fedora-gcc, r-devel-windows-x86_64, r-devel-windows-x86_64-gcc10-UCRT, r-patched-linux-x86_64, r-patched-solaris-x86, r-release-linux-x86_64, r-release-macos-arm64, r-release-macos-x86_64, r-release-windows-ix86+x86_64