Last updated on 2024-03-28 15:49:55 CET.
Flavor | Version | Tinstall | Tcheck | Ttotal | Status | Flags |
---|---|---|---|---|---|---|
r-devel-linux-x86_64-debian-clang | 0.3.0 | 5.67 | 45.66 | 51.33 | NOTE | |
r-devel-linux-x86_64-debian-gcc | 0.3.0 | 4.44 | 35.95 | 40.39 | NOTE | |
r-devel-linux-x86_64-fedora-clang | 0.3.0 | 66.85 | NOTE | |||
r-devel-linux-x86_64-fedora-gcc | 0.3.0 | 63.56 | NOTE | |||
r-devel-windows-x86_64 | 0.3.0 | 6.00 | 56.00 | 62.00 | NOTE | |
r-patched-linux-x86_64 | 0.3.0 | 3.87 | 44.98 | 48.85 | NOTE | |
r-release-linux-x86_64 | 0.3.0 | 3.70 | 43.93 | 47.63 | OK | |
r-release-macos-arm64 | 0.3.0 | 25.00 | OK | |||
r-release-macos-x86_64 | 0.3.0 | 33.00 | OK | |||
r-release-windows-x86_64 | 0.3.0 | 8.00 | 59.00 | 67.00 | OK | |
r-oldrel-macos-arm64 | 0.3.0 | 28.00 | OK | |||
r-oldrel-windows-x86_64 | 0.3.0 | 9.00 | 62.00 | 71.00 | OK |
Version: 0.3.0
Check: Rd files
Result: NOTE
checkRd: (-1) read_PN.Rd:15: Lost braces
15 | A code{\link{marked_petrinet}}
| ^
Flavors: r-devel-linux-x86_64-debian-clang, r-devel-linux-x86_64-debian-gcc, r-devel-linux-x86_64-fedora-clang, r-devel-linux-x86_64-fedora-gcc, r-devel-windows-x86_64, r-patched-linux-x86_64