Last updated on 2023-12-01 08:52:00 CET.
Flavor | Version | Tinstall | Tcheck | Ttotal | Status | Flags |
---|---|---|---|---|---|---|
r-devel-linux-x86_64-debian-clang | 2.11.1 | 67.14 | 467.75 | 534.89 | NOTE | |
r-devel-linux-x86_64-debian-gcc | 2.11.1 | 57.74 | 347.39 | 405.13 | NOTE | |
r-devel-linux-x86_64-fedora-clang | 2.11.1 | 669.82 | NOTE | |||
r-devel-linux-x86_64-fedora-gcc | 2.11.1 | 681.66 | NOTE | |||
r-devel-windows-x86_64 | 2.11.1 | 56.00 | 359.00 | 415.00 | NOTE | |
r-patched-linux-x86_64 | 2.11.1 | 65.48 | 448.57 | 514.05 | NOTE | |
r-release-linux-x86_64 | 2.11.1 | 60.15 | 453.04 | 513.19 | NOTE | |
r-release-macos-arm64 | 2.11.1 | 199.00 | NOTE | |||
r-release-macos-x86_64 | 2.11.1 | 324.00 | NOTE | |||
r-release-windows-x86_64 | 2.11.1 | 75.00 | 462.00 | 537.00 | NOTE | |
r-oldrel-macos-arm64 | 2.11.1 | 176.00 | NOTE | |||
r-oldrel-macos-x86_64 | 2.11.1 | 219.00 | NOTE | |||
r-oldrel-windows-x86_64 | 2.11.1 | 75.00 | 445.00 | 520.00 | NOTE |
Version: 2.11.1
Check: C++ specification
Result: NOTE
Specified C++11: please drop specification unless essential
Flavors: r-devel-linux-x86_64-debian-clang, r-devel-linux-x86_64-debian-gcc, r-devel-linux-x86_64-fedora-clang, r-devel-linux-x86_64-fedora-gcc, r-devel-windows-x86_64, r-patched-linux-x86_64, r-release-linux-x86_64, r-release-macos-arm64, r-release-macos-x86_64, r-release-windows-x86_64
Version: 2.11.1
Check: installed package size
Result: NOTE
installed size is 5.2Mb
sub-directories of 1Mb or more:
doc 1.5Mb
libs 1.3Mb
Flavors: r-devel-windows-x86_64, r-release-macos-arm64, r-release-macos-x86_64, r-release-windows-x86_64, r-oldrel-macos-arm64, r-oldrel-macos-x86_64, r-oldrel-windows-x86_64
Version: 2.11.1
Check: package dependencies
Result: NOTE
Package suggested but not available for checking: ‘seqLogo’
Flavor: r-release-macos-arm64
Version: 2.11.1
Check: package dependencies
Result: NOTE
Packages suggested but not available for checking: 'Biostrings', 'seqLogo'
Flavor: r-release-macos-x86_64