Last updated on 2024-08-13 17:48:21 CEST.
Flavor | Version | Tinstall | Tcheck | Ttotal | Status | Flags |
---|---|---|---|---|---|---|
r-devel-linux-x86_64-debian-clang | 1.0.0 | 13.24 | 32.95 | 46.19 | OK | |
r-devel-linux-x86_64-debian-gcc | 1.0.0 | 9.17 | 23.86 | 33.03 | OK | |
r-devel-linux-x86_64-fedora-clang | 1.0.0 | 73.95 | NOTE | |||
r-devel-linux-x86_64-fedora-gcc | 1.0.0 | 70.24 | NOTE | |||
r-devel-windows-x86_64 | 1.0.0 | 19.00 | 62.00 | 81.00 | OK | |
r-patched-linux-x86_64 | 1.0.0 | 12.76 | 31.96 | 44.72 | OK | |
r-release-linux-x86_64 | 1.0.0 | 12.50 | 32.16 | 44.66 | OK | |
r-release-macos-arm64 | 1.0.0 | 49.00 | OK | |||
r-release-macos-x86_64 | 1.0.0 | 93.00 | OK | |||
r-release-windows-x86_64 | 1.0.0 | 18.00 | 63.00 | 81.00 | OK | |
r-oldrel-macos-arm64 | 1.0.0 | 47.00 | OK | |||
r-oldrel-macos-x86_64 | 1.0.0 | 96.00 | OK | |||
r-oldrel-windows-x86_64 | 1.0.0 | 21.00 | 70.00 | 91.00 | OK |
Version: 1.0.0
Check: data for non-ASCII characters
Result: NOTE
Note: found 3 marked UTF-8 strings
Flavors: r-devel-linux-x86_64-fedora-clang, r-devel-linux-x86_64-fedora-gcc