Last updated on 2024-04-19 08:54:50 CEST.
Flavor | Version | Tinstall | Tcheck | Ttotal | Status | Flags |
---|---|---|---|---|---|---|
r-devel-linux-x86_64-debian-clang | 1.2.9 | 14.77 | 145.32 | 160.09 | NOTE | |
r-devel-linux-x86_64-debian-gcc | 1.2.9 | NOTE | ||||
r-devel-linux-x86_64-fedora-clang | 1.2.9 | 196.99 | NOTE | |||
r-devel-linux-x86_64-fedora-gcc | 1.2.9 | 189.10 | NOTE | |||
r-prerel-macos-arm64 | 1.2.9 | 49.00 | NOTE | |||
r-prerel-windows-x86_64 | 1.2.9 | 13.00 | 113.00 | 126.00 | NOTE | |
r-patched-linux-x86_64 | 1.2.9 | 9.18 | 145.82 | 155.00 | NOTE | |
r-release-linux-x86_64 | 1.2.9 | 9.70 | 142.25 | 151.95 | OK | |
r-release-macos-arm64 | 1.2.9 | 55.00 | OK | |||
r-release-macos-x86_64 | 1.2.9 | 86.00 | OK | |||
r-release-windows-x86_64 | 1.2.9 | 17.00 | 140.00 | 157.00 | OK | |
r-oldrel-macos-arm64 | 1.2.9 | 41.00 | OK | |||
r-oldrel-windows-x86_64 | 1.2.9 | 18.00 | 146.00 | 164.00 | OK |
Version: 1.2.9
Check: Rd files
Result: NOTE
checkRd: (-1) rosePlotsAct.Rd:19: Lost braces; missing escapes or markup?
19 | A \code{plotly} {htmlwidget} with rose plots for locomotor activity.
| ^
checkRd: (-1) rosePlotsSleep.Rd:19: Lost braces; missing escapes or markup?
19 | #' @return A \code{plotly} {htmlwidget} with rose plots for sleep data.
| ^
Flavors: r-devel-linux-x86_64-debian-clang, r-devel-linux-x86_64-debian-gcc, r-devel-linux-x86_64-fedora-clang, r-devel-linux-x86_64-fedora-gcc, r-prerel-macos-arm64, r-prerel-windows-x86_64, r-patched-linux-x86_64