Last updated on 2024-04-19 16:58:52 CEST.
Flavor | Version | Tinstall | Tcheck | Ttotal | Status | Flags |
---|---|---|---|---|---|---|
r-devel-linux-x86_64-debian-clang | 1.0.2 | 9.45 | 76.16 | 85.61 | OK | |
r-devel-linux-x86_64-debian-gcc | 1.0.2 | OK | ||||
r-devel-linux-x86_64-fedora-clang | 1.0.2 | 111.05 | NOTE | |||
r-devel-linux-x86_64-fedora-gcc | 1.0.2 | 106.03 | OK | |||
r-prerel-macos-arm64 | 1.0.2 | 30.00 | OK | |||
r-prerel-windows-x86_64 | 1.0.2 | 11.00 | 78.00 | 89.00 | OK | |
r-patched-linux-x86_64 | 1.0.2 | 8.92 | 72.02 | 80.94 | OK | |
r-release-linux-x86_64 | 1.0.2 | 9.37 | 73.78 | 83.15 | OK | |
r-release-macos-arm64 | 1.0.2 | 32.00 | OK | |||
r-release-macos-x86_64 | 1.0.2 | 57.00 | NOTE | |||
r-release-windows-x86_64 | 1.0.2 | 12.00 | 88.00 | 100.00 | OK | |
r-oldrel-macos-arm64 | 1.0.2 | 41.00 | OK | |||
r-oldrel-windows-x86_64 | 1.0.2 | 13.00 | 93.00 | 106.00 | OK |
Version: 1.0.2
Check: Rd cross-references
Result: NOTE
Undeclared package ‘phase1RMD’ in Rd xrefs
Flavor: r-devel-linux-x86_64-fedora-clang
Version: 1.0.2
Check: Rd cross-references
Result: NOTE
Package unavailable to check Rd xrefs: ‘phase1RMD’
Flavor: r-release-macos-x86_64