CRAN Package Check Results for Package phase1PRMD

Last updated on 2022-06-27 12:53:37 CEST.

Flavor Version Tinstall Tcheck Ttotal Status Flags
r-devel-linux-x86_64-debian-clang 1.0.2 9.54 86.04 95.58 OK
r-devel-linux-x86_64-debian-gcc 1.0.2 8.78 62.78 71.56 OK
r-devel-linux-x86_64-fedora-clang 1.0.2 121.54 NOTE
r-devel-linux-x86_64-fedora-gcc 1.0.2 119.65 OK
r-devel-windows-x86_64 1.0.2 28.00 107.00 135.00 OK
r-patched-linux-x86_64 1.0.2 9.81 80.74 90.55 OK
r-release-linux-x86_64 1.0.2 10.00 79.13 89.13 OK
r-release-macos-arm64 1.0.2 41.00 OK
r-release-macos-x86_64 1.0.2 49.00 OK
r-release-windows-x86_64 1.0.2 30.00 109.00 139.00 OK
r-oldrel-macos-arm64 1.0.2 35.00 OK
r-oldrel-macos-x86_64 1.0.2 56.00 OK
r-oldrel-windows-ix86+x86_64 1.0.2 25.00 108.00 133.00 OK

Check Details

Version: 1.0.2
Check: Rd cross-references
Result: NOTE
    Undeclared package ‘phase1RMD’ in Rd xrefs
Flavor: r-devel-linux-x86_64-fedora-clang