CRAN Package Check Results for Package phdcocktail

Last updated on 2024-07-21 00:56:25 CEST.

Flavor Version Tinstall Tcheck Ttotal Status Flags
r-devel-linux-x86_64-debian-clang 0.1.0 1.75 29.76 31.51 OK
r-devel-linux-x86_64-debian-gcc 0.1.0 2.05 22.07 24.12 OK
r-devel-linux-x86_64-fedora-clang 0.1.0 41.47 NOTE
r-devel-linux-x86_64-fedora-gcc 0.1.0 51.73 NOTE
r-devel-windows-x86_64 0.1.0 5.00 47.00 52.00 OK
r-patched-linux-x86_64 0.1.0 3.01 28.12 31.13 OK
r-release-linux-x86_64 0.1.0 2.56 27.09 29.65 OK
r-release-macos-arm64 0.1.0 22.00 OK
r-release-macos-x86_64 0.1.0 34.00 OK
r-release-windows-x86_64 0.1.0 4.00 45.00 49.00 OK
r-oldrel-macos-arm64 0.1.0 29.00 OK
r-oldrel-macos-x86_64 0.1.0 47.00 OK
r-oldrel-windows-x86_64 0.1.0 4.00 46.00 50.00 OK

Check Details

Version: 0.1.0
Check: data for non-ASCII characters
Result: NOTE Note: found 4 marked UTF-8 strings Flavors: r-devel-linux-x86_64-fedora-clang, r-devel-linux-x86_64-fedora-gcc