Last updated on 2024-04-23 08:58:11 CEST.
Flavor | Version | Tinstall | Tcheck | Ttotal | Status | Flags |
---|---|---|---|---|---|---|
r-devel-linux-x86_64-debian-clang | 0.8.0 | 29.84 | 65.40 | 95.24 | NOTE | |
r-devel-linux-x86_64-debian-gcc | 0.8.0 | 23.99 | 47.40 | 71.39 | NOTE | |
r-devel-linux-x86_64-fedora-clang | 0.8.0 | 127.54 | NOTE | |||
r-devel-linux-x86_64-fedora-gcc | 0.8.0 | 141.62 | NOTE | |||
r-prerel-macos-arm64 | 0.8.0 | 44.00 | OK | |||
r-prerel-windows-x86_64 | 0.8.0 | 26.00 | 97.00 | 123.00 | NOTE | |
r-patched-linux-x86_64 | 0.8.0 | 35.33 | 61.03 | 96.36 | NOTE | |
r-release-linux-x86_64 | 0.8.0 | 32.50 | 63.29 | 95.79 | OK | |
r-release-macos-arm64 | 0.8.0 | 47.00 | OK | |||
r-release-macos-x86_64 | 0.8.0 | 122.00 | OK | |||
r-release-windows-x86_64 | 0.8.0 | 31.00 | 108.00 | 139.00 | OK | |
r-oldrel-macos-arm64 | 0.8.0 | 41.00 | OK | |||
r-oldrel-windows-x86_64 | 0.8.0 | 28.00 | 104.00 | 132.00 | OK |
Version: 0.8.0
Check: HTML version of manual
Result: NOTE
Found the following HTML validation problems:
estimate.probability.html:33:1 (estimate.probability.Rd:25): Warning: trimming empty <li>
estimate.probability.html:35:1 (estimate.probability.Rd:26): Warning: trimming empty <li>
Flavors: r-devel-linux-x86_64-debian-clang, r-devel-linux-x86_64-debian-gcc, r-devel-linux-x86_64-fedora-clang, r-devel-linux-x86_64-fedora-gcc, r-prerel-windows-x86_64, r-patched-linux-x86_64