CRAN Package Check Results for Package photosynthesis

Last updated on 2021-10-18 04:54:28 CEST.

Flavor Version Tinstall Tcheck Ttotal Status Flags
r-devel-linux-x86_64-debian-clang 2.0.1 11.41 198.89 210.30 OK
r-devel-linux-x86_64-debian-gcc 2.0.1 10.67 140.66 151.33 OK
r-devel-linux-x86_64-fedora-clang 2.0.1 249.90 NOTE
r-devel-linux-x86_64-fedora-gcc 2.0.1 239.77 NOTE
r-devel-windows-x86_64 2.0.1 20.00 284.00 304.00 NOTE
r-devel-windows-x86_64-gcc10-UCRT 2.0.1 FAIL
r-patched-linux-x86_64 2.0.1 17.52 187.93 205.45 OK
r-patched-solaris-x86 2.0.1 218.20 NOTE
r-release-linux-x86_64 2.0.1 11.04 185.92 196.96 OK
r-release-macos-arm64 2.0.1 NOTE
r-release-macos-x86_64 2.0.1 NOTE
r-release-windows-ix86+x86_64 2.0.1 36.00 276.00 312.00 NOTE
r-oldrel-macos-x86_64 2.0.1 NOTE
r-oldrel-windows-ix86+x86_64 2.0.1 28.00 285.00 313.00 NOTE

Check Details

Version: 2.0.1
Check: installed package size
Result: NOTE
     installed size is 5.2Mb
     sub-directories of 1Mb or more:
     doc 3.4Mb
     help 1.1Mb
Flavors: r-devel-linux-x86_64-fedora-clang, r-devel-windows-x86_64, r-patched-solaris-x86, r-release-macos-arm64, r-release-macos-x86_64, r-release-windows-ix86+x86_64, r-oldrel-macos-x86_64, r-oldrel-windows-ix86+x86_64

Version: 2.0.1
Check: dependencies in R code
Result: NOTE
    Namespace in Imports field not imported from: ‘future’
     All declared Imports should be used.
Flavors: r-devel-linux-x86_64-fedora-clang, r-devel-linux-x86_64-fedora-gcc, r-devel-windows-x86_64-gcc10-UCRT, r-patched-solaris-x86, r-release-macos-arm64, r-release-macos-x86_64, r-oldrel-macos-x86_64

Version: 2.0.1
Check: re-building of vignette outputs
Result: FAIL
Flavor: r-devel-windows-x86_64-gcc10-UCRT