Last updated on 2023-12-08 00:52:04 CET.
Flavor | Version | Tinstall | Tcheck | Ttotal | Status | Flags |
---|---|---|---|---|---|---|
r-devel-linux-x86_64-debian-clang | 0.8.10 | 38.99 | 169.47 | 208.46 | NOTE | |
r-devel-linux-x86_64-debian-gcc | 0.8.10 | 31.25 | 126.83 | 158.08 | NOTE | |
r-devel-linux-x86_64-fedora-clang | 0.8.10 | 268.32 | NOTE | |||
r-devel-linux-x86_64-fedora-gcc | 0.8.10 | 268.96 | NOTE | |||
r-devel-windows-x86_64 | 0.8.10 | 34.00 | 167.00 | 201.00 | NOTE | |
r-patched-linux-x86_64 | 0.8.10 | 34.93 | 162.82 | 197.75 | NOTE | |
r-release-linux-x86_64 | 0.8.10 | 24.86 | 161.49 | 186.35 | NOTE | |
r-release-macos-arm64 | 0.8.10 | 83.00 | NOTE | |||
r-release-macos-x86_64 | 0.8.10 | 151.00 | NOTE | |||
r-release-windows-x86_64 | 0.8.10 | 46.00 | 208.00 | 254.00 | NOTE | |
r-oldrel-macos-arm64 | 0.8.10 | 67.00 | OK | |||
r-oldrel-macos-x86_64 | 0.8.10 | 130.00 | OK | |||
r-oldrel-windows-x86_64 | 0.8.10 | 44.00 | 190.00 | 234.00 | OK |
Version: 0.8.10
Check: Rd files
Result: NOTE
checkRd: (-1) phylo4d-methods.Rd:161-162: Lost braces in \itemize; meant \describe ?
checkRd: (-1) phylo4d-methods.Rd:164-167: Lost braces in \itemize; meant \describe ?
checkRd: (-1) phylo4d-methods.Rd:169-171: Lost braces in \itemize; meant \describe ?
checkRd: (-1) phylo4d-methods.Rd:173-174: Lost braces in \itemize; meant \describe ?
checkRd: (-1) phylo4d-methods.Rd:176-177: Lost braces in \itemize; meant \describe ?
checkRd: (-1) phylo4d-methods.Rd:179-180: Lost braces in \itemize; meant \describe ?
checkRd: (-1) phylo4d-methods.Rd:182-185: Lost braces in \itemize; meant \describe ?
checkRd: (-1) phylo4d-methods.Rd:209: Escaped LaTeX specials: \$
Flavors: r-devel-linux-x86_64-debian-clang, r-devel-linux-x86_64-debian-gcc
Version: 0.8.10
Check: Rd files
Result: NOTE
checkRd: (-1) phylo4d-methods.Rd:209: Escaped LaTeX specials: \$
Flavors: r-devel-linux-x86_64-fedora-clang, r-devel-linux-x86_64-fedora-gcc, r-devel-windows-x86_64, r-patched-linux-x86_64, r-release-linux-x86_64, r-release-macos-arm64, r-release-macos-x86_64, r-release-windows-x86_64