CRAN Package Check Results for Package phylocanvas

Last updated on 2021-10-24 16:54:12 CEST.

Flavor Version Tinstall Tcheck Ttotal Status Flags
r-devel-linux-x86_64-debian-clang 0.1.3 8.61 80.31 88.92 NOTE
r-devel-linux-x86_64-debian-gcc 0.1.3 7.04 59.58 66.62 NOTE
r-devel-linux-x86_64-fedora-clang 0.1.3 116.44 NOTE
r-devel-linux-x86_64-fedora-gcc 0.1.3 103.06 NOTE
r-devel-windows-x86_64 0.1.3 16.00 103.00 119.00 NOTE
r-devel-windows-x86_64-gcc10-UCRT 0.1.3 NOTE
r-patched-linux-x86_64 0.1.3 8.78 75.83 84.61 NOTE
r-patched-solaris-x86 0.1.3 148.10 NOTE
r-release-linux-x86_64 0.1.3 8.18 76.32 84.50 NOTE
r-release-macos-arm64 0.1.3 NOTE
r-release-macos-x86_64 0.1.3 WARN
r-release-windows-ix86+x86_64 0.1.3 15.00 105.00 120.00 NOTE
r-oldrel-macos-x86_64 0.1.3 WARN
r-oldrel-windows-ix86+x86_64 0.1.3 22.00 114.00 136.00 OK

Check Details

Version: 0.1.3
Check: LazyData
Result: NOTE
     'LazyData' is specified without a 'data' directory
Flavors: r-devel-linux-x86_64-debian-clang, r-devel-linux-x86_64-debian-gcc, r-devel-linux-x86_64-fedora-clang, r-devel-linux-x86_64-fedora-gcc, r-devel-windows-x86_64, r-devel-windows-x86_64-gcc10-UCRT, r-patched-linux-x86_64, r-patched-solaris-x86, r-release-linux-x86_64, r-release-macos-arm64, r-release-macos-x86_64, r-release-windows-ix86+x86_64

Version: 0.1.3
Check: re-building of vignette outputs
Result: WARN
    Error(s) in re-building vignettes:
     ...
    --- re-building ‘Advanced_Usage.Rmd’ using rmarkdown
    Warning in engine$weave(file, quiet = quiet, encoding = enc) :
     Pandoc (>= 1.12.3) not available. Falling back to R Markdown v1.
    Quitting from lines 20-27 (Advanced_Usage.Rmd)
    Error: processing vignette 'Advanced_Usage.Rmd' failed with diagnostics:
    invalid 'path' argument
    --- failed re-building ‘Advanced_Usage.Rmd’
    
    --- re-building ‘Basic_Use.Rmd’ using rmarkdown
    Warning in engine$weave(file, quiet = quiet, encoding = enc) :
     Pandoc (>= 1.12.3) not available. Falling back to R Markdown v1.
    Quitting from lines 30-32 (Basic_Use.Rmd)
    Error: processing vignette 'Basic_Use.Rmd' failed with diagnostics:
    invalid 'path' argument
    --- failed re-building ‘Basic_Use.Rmd’
    
    SUMMARY: processing the following files failed:
     ‘Advanced_Usage.Rmd’ ‘Basic_Use.Rmd’
    
    Error: Vignette re-building failed.
    Execution halted
Flavor: r-release-macos-x86_64

Version: 0.1.3
Check: re-building of vignette outputs
Result: WARN
    Error(s) in re-building vignettes:
    --- re-building ‘Advanced_Usage.Rmd’ using rmarkdown
    Warning in engine$weave(file, quiet = quiet, encoding = enc) :
     Pandoc (>= 1.12.3) and/or pandoc-citeproc not available. Falling back to R Markdown v1.
    Warning in normalizePath(f2) :
     path[1]="webshot13f536e690bac.png": No such file or directory
    Warning in file(con, "rb") :
     cannot open file 'webshot13f536e690bac.png': No such file or directory
    Quitting from lines 20-27 (Advanced_Usage.Rmd)
    Error: processing vignette 'Advanced_Usage.Rmd' failed with diagnostics:
    cannot open the connection
    --- failed re-building ‘Advanced_Usage.Rmd’
    
    --- re-building ‘Basic_Use.Rmd’ using rmarkdown
    Warning in engine$weave(file, quiet = quiet, encoding = enc) :
     Pandoc (>= 1.12.3) and/or pandoc-citeproc not available. Falling back to R Markdown v1.
    Quitting from lines 30-32 (Basic_Use.Rmd)
    Error: processing vignette 'Basic_Use.Rmd' failed with diagnostics:
    cannot open the connection
    --- failed re-building ‘Basic_Use.Rmd’
    
    SUMMARY: processing the following files failed:
     ‘Advanced_Usage.Rmd’ ‘Basic_Use.Rmd’
    
    Error: Vignette re-building failed.
    Execution halted
Flavor: r-oldrel-macos-x86_64