CRAN Package Check Results for Package phylolm

Last updated on 2023-11-29 16:51:57 CET.

Flavor Version Tinstall Tcheck Ttotal Status Flags
r-devel-linux-x86_64-debian-clang 2.6.2 8.99 71.62 80.61 NOTE
r-devel-linux-x86_64-debian-gcc 2.6.2 7.57 54.38 61.95 NOTE
r-devel-linux-x86_64-fedora-clang 2.6.2 99.75 NOTE
r-devel-linux-x86_64-fedora-gcc 2.6.2 95.39 NOTE
r-devel-windows-x86_64 2.6.2 12.00 77.00 89.00 NOTE
r-patched-linux-x86_64 2.6.2 7.80 68.44 76.24 NOTE
r-release-linux-x86_64 2.6.2 6.52 68.19 74.71 NOTE
r-release-macos-arm64 2.6.2 35.00 NOTE
r-release-macos-x86_64 2.6.2 54.00 NOTE
r-release-windows-x86_64 2.6.2 14.00 90.00 104.00 NOTE
r-oldrel-macos-arm64 2.6.2 32.00 OK
r-oldrel-macos-x86_64 2.6.2 46.00 OK
r-oldrel-windows-x86_64 2.6.2 14.00 91.00 105.00 OK

Check Details

Version: 2.6.2
Check: C++ specification
Result: NOTE Specified C++11: please drop specification unless essential Flavors: r-devel-linux-x86_64-debian-clang, r-devel-linux-x86_64-debian-gcc, r-devel-linux-x86_64-fedora-clang, r-devel-linux-x86_64-fedora-gcc, r-devel-windows-x86_64, r-patched-linux-x86_64, r-release-linux-x86_64, r-release-macos-arm64, r-release-macos-x86_64, r-release-windows-x86_64

Version: 2.6.2
Check: Rd cross-references
Result: NOTE Undeclared packages ‘future’, ‘geiger’, ‘caper’ in Rd xrefs Flavor: r-devel-linux-x86_64-fedora-clang