Last updated on 2024-03-28 23:55:15 CET.
Flavor | Version | Tinstall | Tcheck | Ttotal | Status | Flags |
---|---|---|---|---|---|---|
r-devel-linux-x86_64-debian-clang | 1.0.8 | 38.14 | 423.12 | 461.26 | NOTE | |
r-devel-linux-x86_64-debian-gcc | 1.0.8 | 35.69 | 306.15 | 341.84 | NOTE | |
r-devel-linux-x86_64-fedora-clang | 1.0.8 | 617.37 | NOTE | |||
r-devel-linux-x86_64-fedora-gcc | 1.0.8 | 589.86 | NOTE | |||
r-devel-windows-x86_64 | 1.0.8 | 31.00 | 270.00 | 301.00 | NOTE | |
r-patched-linux-x86_64 | 1.0.8 | 42.92 | 403.75 | 446.67 | NOTE | |
r-release-linux-x86_64 | 1.0.8 | 38.56 | 402.69 | 441.25 | OK | |
r-release-macos-arm64 | 1.0.8 | 135.00 | NOTE | |||
r-release-macos-x86_64 | 1.0.8 | 246.00 | NOTE | |||
r-release-windows-x86_64 | 1.0.8 | 44.00 | 358.00 | 402.00 | OK | |
r-oldrel-macos-arm64 | 1.0.8 | 119.00 | OK | |||
r-oldrel-windows-x86_64 | 1.0.8 | 45.00 | 350.00 | 395.00 | OK |
Version: 1.0.8
Check: Rd files
Result: NOTE
checkRd: (-1) fitgom.Rd:87: Lost braces
87 | \item \code{theta} The ncol{counts} by K matrix of estimated
| ^
checkRd: (-1) fitgom.Rd:89: Lost braces
89 | \item \code{omega} The nrow{counts} by K matrix of estimated
| ^
Flavors: r-devel-linux-x86_64-debian-clang, r-devel-linux-x86_64-debian-gcc, r-devel-linux-x86_64-fedora-clang, r-devel-linux-x86_64-fedora-gcc, r-devel-windows-x86_64, r-patched-linux-x86_64
Version: 1.0.8
Check: Rd cross-references
Result: NOTE
Undeclared package ‘picante’ in Rd xrefs
Flavor: r-devel-linux-x86_64-fedora-clang
Version: 1.0.8
Check: package dependencies
Result: NOTE
Package suggested but not available for checking: ‘phyloseq’
Flavors: r-release-macos-arm64, r-release-macos-x86_64