Last updated on 2024-04-20 08:51:04 CEST.
Flavor | Version | Tinstall | Tcheck | Ttotal | Status | Flags |
---|---|---|---|---|---|---|
r-devel-linux-x86_64-debian-clang | 0.9.11 | 20.84 | 150.93 | 171.77 | NOTE | |
r-devel-linux-x86_64-debian-gcc | 0.9.11 | 15.25 | 109.01 | 124.26 | NOTE | |
r-devel-linux-x86_64-fedora-clang | 0.9.11 | 219.92 | NOTE | |||
r-devel-linux-x86_64-fedora-gcc | 0.9.11 | 220.34 | NOTE | |||
r-prerel-macos-arm64 | 0.9.11 | 61.00 | NOTE | |||
r-prerel-windows-x86_64 | 0.9.11 | 19.00 | 124.00 | 143.00 | NOTE | |
r-patched-linux-x86_64 | 0.9.11 | 19.61 | 140.95 | 160.56 | NOTE | |
r-release-linux-x86_64 | 0.9.11 | 18.94 | 142.44 | 161.38 | OK | |
r-release-macos-arm64 | 0.9.11 | 73.00 | OK | |||
r-release-macos-x86_64 | 0.9.11 | 174.00 | OK | |||
r-release-windows-x86_64 | 0.9.11 | 27.00 | 167.00 | 194.00 | OK | |
r-oldrel-macos-arm64 | 0.9.11 | 68.00 | OK | |||
r-oldrel-windows-x86_64 | 0.9.11 | 25.00 | 166.00 | 191.00 | OK |
Version: 0.9.11
Check: Rd files
Result: NOTE
checkRd: (-1) phylter.Rd:51: Lost braces; missing escapes or markup?
51 | the output ({out$DiscardedGenes}).}
| ^
Flavors: r-devel-linux-x86_64-debian-clang, r-devel-linux-x86_64-debian-gcc, r-devel-linux-x86_64-fedora-clang, r-devel-linux-x86_64-fedora-gcc, r-prerel-macos-arm64, r-prerel-windows-x86_64, r-patched-linux-x86_64