Last updated on 2023-06-09 16:57:02 CEST.
Flavor | Version | Tinstall | Tcheck | Ttotal | Status | Flags |
---|---|---|---|---|---|---|
r-devel-linux-x86_64-debian-clang | 1.2.1 | 22.67 | 54.35 | 77.02 | OK | |
r-devel-linux-x86_64-debian-gcc | 1.2.1 | 15.52 | 41.53 | 57.05 | OK | |
r-devel-linux-x86_64-fedora-clang | 1.2.1 | 108.49 | WARN | |||
r-devel-linux-x86_64-fedora-gcc | 1.2.1 | 109.30 | OK | |||
r-devel-windows-x86_64 | 1.2.1 | 19.00 | 87.00 | 106.00 | OK | |
r-patched-linux-x86_64 | 1.2.1 | 16.57 | 51.19 | 67.76 | OK | |
r-release-linux-x86_64 | 1.2.1 | 17.85 | 52.09 | 69.94 | OK | |
r-release-macos-arm64 | 1.2.1 | 39.00 | OK | |||
r-release-macos-x86_64 | 1.2.1 | 62.00 | OK | |||
r-release-windows-x86_64 | 1.2.1 | 18.00 | 95.00 | 113.00 | OK | |
r-oldrel-macos-arm64 | 1.2.1 | 33.00 | OK | |||
r-oldrel-macos-x86_64 | 1.2.1 | 43.00 | OK | |||
r-oldrel-windows-x86_64 | 1.2.1 | 23.00 | 91.00 | 114.00 | OK |
Version: 1.2.1
Check: whether package can be installed
Result: WARN
Found the following significant warnings:
/data/gannet/ripley/R/test-clang/Rcpp/include/Rcpp/sugar/functions/sapply.h:36:26: warning: 'result_of<float (*(double))(float)>' is deprecated [-Wdeprecated-declarations]
See ‘/data/gannet/ripley/R/packages/tests-clang/physiology.Rcheck/00install.out’ for details.
* used C compiler: ‘clang version 16.0.5’
* used C++ compiler: ‘clang version 16.0.5’
Flavor: r-devel-linux-x86_64-fedora-clang