CRAN Package Check Results for Package pid

Last updated on 2024-02-29 00:55:49 CET.

Flavor Version Tinstall Tcheck Ttotal Status Flags
r-devel-linux-x86_64-debian-clang 0.50 7.85 70.68 78.53 OK
r-devel-linux-x86_64-debian-gcc 0.50 5.63 53.25 58.88 OK
r-devel-linux-x86_64-fedora-clang 0.50 101.50 NOTE
r-devel-linux-x86_64-fedora-gcc 0.50 90.84 NOTE
r-devel-windows-x86_64 0.50 8.00 73.00 81.00 OK
r-patched-linux-x86_64 0.50 6.67 68.87 75.54 OK
r-release-linux-x86_64 0.50 7.17 67.55 74.72 OK
r-release-macos-arm64 0.50 34.00 OK
r-release-macos-x86_64 0.50 51.00 OK
r-release-windows-x86_64 0.50 9.00 87.00 96.00 OK
r-oldrel-macos-arm64 0.50 31.00 NOTE
r-oldrel-windows-x86_64 0.50 9.00 90.00 99.00 OK

Check Details

Version: 0.50
Check: dependencies in R code
Result: NOTE Namespace in Imports field not imported from: ‘FrF2.catlg128’ All declared Imports should be used. Flavors: r-devel-linux-x86_64-fedora-clang, r-devel-linux-x86_64-fedora-gcc, r-oldrel-macos-arm64

Version: 0.50
Check: Rd cross-references
Result: NOTE Undeclared package ‘BsMD’ in Rd xrefs Flavor: r-devel-linux-x86_64-fedora-clang