Last updated on 2023-09-28 01:19:01 CEST.
Flavor | Version | Tinstall | Tcheck | Ttotal | Status | Flags |
---|---|---|---|---|---|---|
r-devel-linux-x86_64-debian-clang | 0.50 | 6.88 | 72.12 | 79.00 | OK | |
r-devel-linux-x86_64-debian-gcc | 0.50 | 5.46 | 53.72 | 59.18 | OK | |
r-devel-linux-x86_64-fedora-clang | 0.50 | 95.75 | NOTE | |||
r-devel-linux-x86_64-fedora-gcc | 0.50 | 95.55 | NOTE | |||
r-devel-windows-x86_64 | 0.50 | 7.00 | 72.00 | 79.00 | OK | |
r-patched-linux-x86_64 | 0.50 | 7.22 | 67.85 | 75.07 | OK | |
r-release-linux-x86_64 | 0.50 | 4.85 | 68.60 | 73.45 | OK | |
r-release-macos-arm64 | 0.50 | 34.00 | OK | |||
r-release-macos-x86_64 | 0.50 | 51.00 | OK | |||
r-release-windows-x86_64 | 0.50 | 10.00 | 82.00 | 92.00 | OK | |
r-oldrel-macos-arm64 | 0.50 | 31.00 | NOTE | |||
r-oldrel-macos-x86_64 | 0.50 | 61.00 | NOTE | |||
r-oldrel-windows-x86_64 | 0.50 | 11.00 | 90.00 | 101.00 | OK |
Version: 0.50
Check: dependencies in R code
Result: NOTE
Namespace in Imports field not imported from: ‘FrF2.catlg128’
All declared Imports should be used.
Flavors: r-devel-linux-x86_64-fedora-clang, r-devel-linux-x86_64-fedora-gcc, r-oldrel-macos-arm64, r-oldrel-macos-x86_64
Version: 0.50
Check: Rd cross-references
Result: NOTE
Undeclared package ‘BsMD’ in Rd xrefs
Flavor: r-devel-linux-x86_64-fedora-clang