Last updated on 2023-12-08 00:52:04 CET.
Flavor | Version | Tinstall | Tcheck | Ttotal | Status | Flags |
---|---|---|---|---|---|---|
r-devel-linux-x86_64-debian-clang | 1.2.0 | 1.55 | 18.71 | 20.26 | NOTE | |
r-devel-linux-x86_64-debian-gcc | 1.3.0 | 1.77 | 15.04 | 16.81 | OK | |
r-devel-linux-x86_64-fedora-clang | 1.3.0 | 26.49 | OK | |||
r-devel-linux-x86_64-fedora-gcc | 1.3.0 | 25.55 | OK | |||
r-devel-windows-x86_64 | 1.3.0 | 5.00 | 35.00 | 40.00 | OK | |
r-patched-linux-x86_64 | 1.3.0 | 2.05 | 18.96 | 21.01 | OK | |
r-release-linux-x86_64 | 1.2.0 | 1.95 | 18.55 | 20.50 | NOTE | |
r-release-macos-arm64 | 1.3.0 | 19.00 | OK | |||
r-release-macos-x86_64 | 1.3.0 | 35.00 | OK | |||
r-release-windows-x86_64 | 1.3.0 | 5.00 | 34.00 | 39.00 | OK | |
r-oldrel-macos-arm64 | 1.3.0 | 18.00 | OK | |||
r-oldrel-macos-x86_64 | 1.2.0 | 19.00 | NOTE | |||
r-oldrel-windows-x86_64 | 1.2.0 | 6.00 | 40.00 | 46.00 | NOTE |
Version: 1.2.0
Check: LazyData
Result: NOTE
'LazyData' is specified without a 'data' directory
Flavors: r-devel-linux-x86_64-debian-clang, r-release-linux-x86_64, r-oldrel-macos-x86_64, r-oldrel-windows-x86_64