CRAN Package Check Results for Package pinochet

Last updated on 2022-06-25 00:50:53 CEST.

Flavor Version Tinstall Tcheck Ttotal Status Flags
r-devel-linux-x86_64-debian-clang 0.1.0 1.49 29.49 30.98 OK
r-devel-linux-x86_64-debian-gcc 0.1.0 1.56 23.24 24.80 OK
r-devel-linux-x86_64-fedora-clang 0.1.0 48.67 NOTE
r-devel-linux-x86_64-fedora-gcc 0.1.0 47.60 NOTE
r-devel-windows-x86_64 0.1.0 14.00 57.00 71.00 OK
r-patched-linux-x86_64 0.1.0 2.28 28.19 30.47 OK
r-release-linux-x86_64 0.1.0 1.97 28.52 30.49 OK
r-release-macos-arm64 0.1.0 18.00 NOTE
r-release-macos-x86_64 0.1.0 25.00 NOTE
r-release-windows-x86_64 0.1.0 11.00 59.00 70.00 OK
r-oldrel-macos-arm64 0.1.0 23.00 NOTE
r-oldrel-macos-x86_64 0.1.0 31.00 NOTE
r-oldrel-windows-ix86+x86_64 0.1.0 5.00 51.00 56.00 OK

Check Details

Version: 0.1.0
Check: data for non-ASCII characters
Result: NOTE
     Note: found 2048 marked UTF-8 strings
Flavors: r-devel-linux-x86_64-fedora-clang, r-devel-linux-x86_64-fedora-gcc, r-release-macos-arm64, r-release-macos-x86_64, r-oldrel-macos-arm64, r-oldrel-macos-x86_64