CRAN Package Check Results for Package pipefittr

Last updated on 2021-09-28 01:49:33 CEST.

Flavor Version Tinstall Tcheck Ttotal Status Flags
r-devel-linux-x86_64-debian-clang 0.1.2 3.33 35.46 38.79 NOTE
r-devel-linux-x86_64-debian-gcc 0.1.2 2.91 27.43 30.34 NOTE
r-devel-linux-x86_64-fedora-clang 0.1.2 57.45 NOTE
r-devel-linux-x86_64-fedora-gcc 0.1.2 45.46 NOTE
r-devel-windows-x86_64 0.1.2 4.00 45.00 49.00 NOTE
r-devel-windows-x86_64-gcc10-UCRT 0.1.2 NOTE
r-patched-linux-x86_64 0.1.2 3.43 34.03 37.46 NOTE
r-patched-solaris-x86 0.1.2 71.80 NOTE
r-release-linux-x86_64 0.1.2 3.14 34.01 37.15 NOTE
r-release-macos-arm64 0.1.2 NOTE
r-release-macos-x86_64 0.1.2 NOTE
r-release-windows-ix86+x86_64 0.1.2 9.00 42.00 51.00 NOTE
r-oldrel-macos-x86_64 0.1.2 OK
r-oldrel-windows-ix86+x86_64 0.1.2 6.00 42.00 48.00 OK

Check Details

Version: 0.1.2
Check: LazyData
Result: NOTE
     'LazyData' is specified without a 'data' directory
Flavors: r-devel-linux-x86_64-debian-clang, r-devel-linux-x86_64-debian-gcc, r-devel-linux-x86_64-fedora-clang, r-devel-linux-x86_64-fedora-gcc, r-devel-windows-x86_64, r-devel-windows-x86_64-gcc10-UCRT, r-patched-linux-x86_64, r-patched-solaris-x86, r-release-linux-x86_64, r-release-macos-arm64, r-release-macos-x86_64, r-release-windows-ix86+x86_64