CRAN Package Check Results for Package pixiedust

Last updated on 2021-10-17 04:50:29 CEST.

Flavor Version Tinstall Tcheck Ttotal Status Flags
r-devel-linux-x86_64-debian-clang 0.9.1 7.44 85.13 92.57 NOTE
r-devel-linux-x86_64-debian-gcc 0.9.1 6.02 63.54 69.56 NOTE
r-devel-linux-x86_64-fedora-clang 0.9.1 120.93 NOTE
r-devel-linux-x86_64-fedora-gcc 0.9.1 108.73 NOTE
r-devel-windows-x86_64 0.9.1 12.00 116.00 128.00 NOTE
r-devel-windows-x86_64-gcc10-UCRT 0.9.1 NOTE
r-patched-linux-x86_64 0.9.1 8.73 85.11 93.84 NOTE
r-patched-solaris-x86 0.9.1 126.00 NOTE
r-release-linux-x86_64 0.9.1 8.22 83.75 91.97 NOTE
r-release-macos-arm64 0.9.1 NOTE
r-release-macos-x86_64 0.9.1 NOTE
r-release-windows-ix86+x86_64 0.9.1 17.00 110.00 127.00 NOTE
r-oldrel-macos-x86_64 0.9.1 OK
r-oldrel-windows-ix86+x86_64 0.9.1 15.00 116.00 131.00 OK

Check Details

Version: 0.9.1
Check: LazyData
Result: NOTE
     'LazyData' is specified without a 'data' directory
Flavors: r-devel-linux-x86_64-debian-clang, r-devel-linux-x86_64-debian-gcc, r-devel-linux-x86_64-fedora-clang, r-devel-linux-x86_64-fedora-gcc, r-devel-windows-x86_64, r-devel-windows-x86_64-gcc10-UCRT, r-patched-linux-x86_64, r-patched-solaris-x86, r-release-linux-x86_64, r-release-macos-arm64, r-release-macos-x86_64, r-release-windows-ix86+x86_64

Version: 0.9.1
Check: Rd cross-references
Result: NOTE
    Undeclared package ‘Hmisc’ in Rd xrefs
Flavor: r-devel-linux-x86_64-fedora-clang