CRAN Package Check Results for Package pkgconfig

Last updated on 2021-10-25 04:54:18 CEST.

Flavor Version Tinstall Tcheck Ttotal Status Flags
r-devel-linux-x86_64-debian-clang 2.0.3 1.76 22.27 24.03 NOTE
r-devel-linux-x86_64-debian-gcc 2.0.3 1.41 17.61 19.02 NOTE
r-devel-linux-x86_64-fedora-clang 2.0.3 40.34 NOTE
r-devel-linux-x86_64-fedora-gcc 2.0.3 30.46 NOTE
r-devel-windows-x86_64 2.0.3 4.00 42.00 46.00 NOTE
r-devel-windows-x86_64-gcc10-UCRT 2.0.3 NOTE
r-patched-linux-x86_64 2.0.3 1.37 21.87 23.24 NOTE
r-patched-solaris-x86 2.0.3 47.10 NOTE
r-release-linux-x86_64 2.0.3 1.18 21.83 23.01 NOTE
r-release-macos-arm64 2.0.3 NOTE
r-release-macos-x86_64 2.0.3 NOTE
r-release-windows-ix86+x86_64 2.0.3 4.00 46.00 50.00 NOTE
r-oldrel-macos-x86_64 2.0.3 OK
r-oldrel-windows-ix86+x86_64 2.0.3 18.00 46.00 64.00 OK

Check Details

Version: 2.0.3
Check: LazyData
Result: NOTE
     'LazyData' is specified without a 'data' directory
Flavors: r-devel-linux-x86_64-debian-clang, r-devel-linux-x86_64-debian-gcc, r-devel-linux-x86_64-fedora-clang, r-devel-linux-x86_64-fedora-gcc, r-devel-windows-x86_64, r-devel-windows-x86_64-gcc10-UCRT, r-patched-linux-x86_64, r-patched-solaris-x86, r-release-linux-x86_64, r-release-macos-arm64, r-release-macos-x86_64, r-release-windows-ix86+x86_64