Last updated on 2024-04-20 08:51:04 CEST.
Flavor | Version | Tinstall | Tcheck | Ttotal | Status | Flags |
---|---|---|---|---|---|---|
r-devel-linux-x86_64-debian-clang | 1.0.0 | 3.04 | 27.66 | 30.70 | NOTE | |
r-devel-linux-x86_64-debian-gcc | 1.0.0 | 2.42 | 21.26 | 23.68 | NOTE | |
r-devel-linux-x86_64-fedora-clang | 1.0.0 | 38.96 | NOTE | |||
r-devel-linux-x86_64-fedora-gcc | 1.0.0 | 36.57 | NOTE | |||
r-prerel-macos-arm64 | 1.0.0 | 16.00 | NOTE | |||
r-prerel-windows-x86_64 | 1.0.0 | 5.00 | 43.00 | 48.00 | NOTE | |
r-patched-linux-x86_64 | 1.0.0 | 3.07 | 26.26 | 29.33 | NOTE | |
r-release-linux-x86_64 | 1.0.0 | 3.10 | 26.79 | 29.89 | OK | |
r-release-macos-arm64 | 1.0.0 | 18.00 | OK | |||
r-release-macos-x86_64 | 1.0.0 | 24.00 | OK | |||
r-release-windows-x86_64 | 1.0.0 | 5.00 | 43.00 | 48.00 | OK | |
r-oldrel-macos-arm64 | 1.0.0 | 16.00 | OK | |||
r-oldrel-windows-x86_64 | 1.0.0 | 5.00 | 48.00 | 53.00 | OK |
Version: 1.0.0
Check: Rd files
Result: NOTE
checkRd: (-1) deps.Rd:23: Lost braces in \itemize; meant \describe ?
checkRd: (-1) deps.Rd:24: Lost braces in \itemize; meant \describe ?
checkRd: (-1) deps.Rd:25: Lost braces in \itemize; meant \describe ?
checkRd: (-1) pkgdepR-package.Rd:16: Lost braces in \itemize; meant \describe ?
checkRd: (-1) pkgdepR-package.Rd:17: Lost braces in \itemize; meant \describe ?
checkRd: (-1) pkgdepR-package.Rd:18: Lost braces in \itemize; meant \describe ?
Flavors: r-devel-linux-x86_64-debian-clang, r-devel-linux-x86_64-debian-gcc, r-devel-linux-x86_64-fedora-clang, r-devel-linux-x86_64-fedora-gcc, r-prerel-macos-arm64, r-prerel-windows-x86_64, r-patched-linux-x86_64