Last updated on 2024-03-28 23:55:15 CET.
Flavor | Version | Tinstall | Tcheck | Ttotal | Status | Flags |
---|---|---|---|---|---|---|
r-devel-linux-x86_64-debian-clang | 0.2.3 | 10.88 | 160.80 | 171.68 | NOTE | |
r-devel-linux-x86_64-debian-gcc | 0.2.3 | 10.11 | 122.08 | 132.19 | NOTE | |
r-devel-linux-x86_64-fedora-clang | 0.2.3 | 212.43 | NOTE | |||
r-devel-linux-x86_64-fedora-gcc | 0.2.3 | 223.88 | NOTE | |||
r-devel-windows-x86_64 | 0.2.3 | 12.00 | 133.00 | 145.00 | NOTE | |
r-patched-linux-x86_64 | 0.2.3 | 9.68 | 156.50 | 166.18 | NOTE | |
r-release-linux-x86_64 | 0.2.3 | 8.28 | 158.78 | 167.06 | NOTE | |
r-release-macos-arm64 | 0.2.3 | 71.00 | NOTE | |||
r-release-macos-x86_64 | 0.2.3 | 115.00 | NOTE | |||
r-release-windows-x86_64 | 0.2.3 | 15.00 | 166.00 | 181.00 | NOTE | |
r-oldrel-macos-arm64 | 0.2.3 | 65.00 | OK | |||
r-oldrel-windows-x86_64 | 0.2.3 | 18.00 | 165.00 | 183.00 | OK |
Version: 0.2.3
Check: package subdirectories
Result: NOTE
Problems with news in ‘NEWS.md’:
No news entries found.
Flavors: r-devel-linux-x86_64-debian-clang, r-devel-linux-x86_64-debian-gcc, r-devel-linux-x86_64-fedora-clang, r-devel-linux-x86_64-fedora-gcc, r-devel-windows-x86_64, r-patched-linux-x86_64, r-release-linux-x86_64, r-release-macos-arm64, r-release-macos-x86_64, r-release-windows-x86_64