Last updated on 2023-05-28 22:00:18 CEST.
Flavor | Version | Tinstall | Tcheck | Ttotal | Status | Flags |
---|---|---|---|---|---|---|
r-devel-linux-x86_64-debian-clang | 0.0.2 | 2.07 | 21.10 | 23.17 | NOTE | |
r-devel-linux-x86_64-debian-gcc | 0.0.2 | 1.56 | 16.85 | 18.41 | NOTE | |
r-devel-linux-x86_64-fedora-clang | 0.0.2 | 29.16 | NOTE | |||
r-devel-linux-x86_64-fedora-gcc | 0.0.2 | 27.89 | NOTE | |||
r-devel-windows-x86_64 | 0.0.2 | 4.00 | 38.00 | 42.00 | NOTE | |
r-patched-linux-x86_64 | 0.0.2 | 2.05 | 20.39 | 22.44 | NOTE | |
r-release-linux-x86_64 | 0.0.2 | 1.54 | 20.63 | 22.17 | NOTE | |
r-release-macos-arm64 | 0.0.2 | 15.00 | NOTE | |||
r-release-macos-x86_64 | 0.0.2 | 21.00 | NOTE | |||
r-release-windows-x86_64 | 0.0.2 | 3.00 | 38.00 | 41.00 | NOTE | |
r-oldrel-macos-arm64 | 0.0.2 | 17.00 | NOTE | |||
r-oldrel-macos-x86_64 | 0.0.2 | 21.00 | NOTE | |||
r-oldrel-windows-x86_64 | 0.0.2 | 3.00 | 41.00 | 44.00 | NOTE |
Version: 0.0.2
Check: LazyData
Result: NOTE
'LazyData' is specified without a 'data' directory
Flavors: r-devel-linux-x86_64-debian-clang, r-devel-linux-x86_64-debian-gcc, r-devel-linux-x86_64-fedora-clang, r-devel-linux-x86_64-fedora-gcc, r-devel-windows-x86_64, r-patched-linux-x86_64, r-release-linux-x86_64, r-release-macos-arm64, r-release-macos-x86_64, r-release-windows-x86_64, r-oldrel-macos-arm64, r-oldrel-macos-x86_64, r-oldrel-windows-x86_64