Last updated on 2024-03-27 23:59:52 CET.
Flavor | Version | Tinstall | Tcheck | Ttotal | Status | Flags |
---|---|---|---|---|---|---|
r-devel-linux-x86_64-debian-clang | 0.0.2 | 2.10 | 22.20 | 24.30 | NOTE | |
r-devel-linux-x86_64-debian-gcc | 0.0.2 | 1.50 | 17.23 | 18.73 | NOTE | |
r-devel-linux-x86_64-fedora-clang | 0.0.2 | 30.28 | NOTE | |||
r-devel-linux-x86_64-fedora-gcc | 0.0.2 | 29.47 | NOTE | |||
r-devel-windows-x86_64 | 0.0.2 | 3.00 | 39.00 | 42.00 | NOTE | |
r-patched-linux-x86_64 | 0.0.2 | 1.86 | 21.28 | 23.14 | NOTE | |
r-release-linux-x86_64 | 0.0.2 | 1.58 | 21.04 | 22.62 | NOTE | |
r-release-macos-arm64 | 0.0.2 | 15.00 | NOTE | |||
r-release-macos-x86_64 | 0.0.2 | 21.00 | NOTE | |||
r-release-windows-x86_64 | 0.0.2 | 3.00 | 38.00 | 41.00 | NOTE | |
r-oldrel-macos-arm64 | 0.0.2 | 17.00 | NOTE | |||
r-oldrel-windows-x86_64 | 0.0.2 | 3.00 | 42.00 | 45.00 | NOTE |
Version: 0.0.2
Check: LazyData
Result: NOTE
'LazyData' is specified without a 'data' directory
Flavors: r-devel-linux-x86_64-debian-clang, r-devel-linux-x86_64-debian-gcc, r-devel-linux-x86_64-fedora-clang, r-devel-linux-x86_64-fedora-gcc, r-devel-windows-x86_64, r-patched-linux-x86_64, r-release-linux-x86_64, r-release-macos-arm64, r-release-macos-x86_64, r-release-windows-x86_64, r-oldrel-macos-arm64, r-oldrel-windows-x86_64