CRAN Package Check Results for Package plotMCMC

Last updated on 2023-05-28 22:00:18 CEST.

Flavor Version Tinstall Tcheck Ttotal Status Flags
r-devel-linux-x86_64-debian-clang 2.0.1 3.51 46.35 49.86 OK
r-devel-linux-x86_64-debian-gcc 2.0.1 2.22 36.19 38.41 OK
r-devel-linux-x86_64-fedora-clang 2.0.1 63.18 NOTE
r-devel-linux-x86_64-fedora-gcc 2.0.1 72.29 OK
r-devel-windows-x86_64 2.0.1 4.00 70.00 74.00 OK
r-patched-linux-x86_64 2.0.1 3.89 45.03 48.92 OK
r-release-linux-x86_64 2.0.1 3.49 44.98 48.47 OK
r-release-macos-arm64 2.0.1 32.00 OK
r-release-macos-x86_64 2.0.1 47.00 OK
r-release-windows-x86_64 2.0.1 5.00 69.00 74.00 OK
r-oldrel-macos-arm64 2.0.1 28.00 OK
r-oldrel-macos-x86_64 2.0.1 35.00 OK
r-oldrel-windows-x86_64 2.0.1 5.00 72.00 77.00 OK

Check Details

Version: 2.0.1
Check: Rd cross-references
Result: NOTE
    Undeclared package ‘scape’ in Rd xrefs
Flavor: r-devel-linux-x86_64-fedora-clang