Last updated on 2024-04-24 00:55:53 CEST.
Flavor | Version | Tinstall | Tcheck | Ttotal | Status | Flags |
---|---|---|---|---|---|---|
r-devel-linux-x86_64-debian-clang | 2.4 | 20.25 | 84.44 | 104.69 | NOTE | |
r-devel-linux-x86_64-debian-gcc | 2.4 | 15.34 | 61.66 | 77.00 | NOTE | |
r-devel-linux-x86_64-fedora-clang | 2.4 | 132.34 | NOTE | |||
r-devel-linux-x86_64-fedora-gcc | 2.4 | 123.43 | NOTE | |||
r-prerel-macos-arm64 | 2.4 | 39.00 | NOTE | |||
r-prerel-windows-x86_64 | 2.4 | 22.00 | 90.00 | 112.00 | NOTE | |
r-patched-linux-x86_64 | 2.4 | 19.91 | 78.33 | 98.24 | NOTE | |
r-release-linux-x86_64 | 2.4 | 19.53 | 80.59 | 100.12 | NOTE | |
r-release-macos-arm64 | 2.4 | 44.00 | NOTE | |||
r-release-macos-x86_64 | 2.4 | 63.00 | NOTE | |||
r-release-windows-x86_64 | 2.4 | 24.00 | 108.00 | 132.00 | NOTE | |
r-oldrel-macos-arm64 | 2.4 | 39.00 | NOTE | |||
r-oldrel-windows-x86_64 | 2.4 | 23.00 | 115.00 | 138.00 | NOTE |
Version: 2.4
Check: LazyData
Result: NOTE
'LazyData' is specified without a 'data' directory
Flavors: r-devel-linux-x86_64-debian-clang, r-devel-linux-x86_64-debian-gcc, r-devel-linux-x86_64-fedora-clang, r-devel-linux-x86_64-fedora-gcc, r-prerel-macos-arm64, r-prerel-windows-x86_64, r-patched-linux-x86_64, r-release-linux-x86_64, r-release-macos-arm64, r-release-macos-x86_64, r-release-windows-x86_64, r-oldrel-macos-arm64, r-oldrel-windows-x86_64