Last updated on 2024-03-27 23:59:52 CET.
Flavor | Version | Tinstall | Tcheck | Ttotal | Status | Flags |
---|---|---|---|---|---|---|
r-devel-linux-x86_64-debian-clang | 4.10.4 | 18.42 | 254.72 | 273.14 | OK | |
r-devel-linux-x86_64-debian-gcc | 4.10.4 | 15.22 | 188.51 | 203.73 | OK | |
r-devel-linux-x86_64-fedora-clang | 4.10.4 | 341.36 | NOTE | |||
r-devel-linux-x86_64-fedora-gcc | 4.10.4 | 347.53 | OK | |||
r-devel-windows-x86_64 | 4.10.4 | 19.00 | 185.00 | 204.00 | NOTE | |
r-patched-linux-x86_64 | 4.10.4 | 22.35 | 249.54 | 271.89 | OK | |
r-release-linux-x86_64 | 4.10.4 | 21.59 | 245.53 | 267.12 | OK | |
r-release-macos-arm64 | 4.10.4 | 95.00 | NOTE | |||
r-release-macos-x86_64 | 4.10.4 | 198.00 | NOTE | |||
r-release-windows-x86_64 | 4.10.4 | 24.00 | 244.00 | 268.00 | NOTE | |
r-oldrel-macos-arm64 | 4.10.4 | 99.00 | NOTE | |||
r-oldrel-windows-x86_64 | 4.10.4 | 25.00 | 232.00 | 257.00 | NOTE |
Version: 4.10.4
Check: installed package size
Result: NOTE
installed size is 7.2Mb
sub-directories of 1Mb or more:
R 1.0Mb
htmlwidgets 4.0Mb
Flavors: r-devel-linux-x86_64-fedora-clang, r-devel-windows-x86_64, r-release-macos-arm64, r-release-macos-x86_64, r-release-windows-x86_64, r-oldrel-macos-arm64, r-oldrel-windows-x86_64