CRAN Package Check Results for Package plotly

Last updated on 2021-09-25 20:50:36 CEST.

Flavor Version Tinstall Tcheck Ttotal Status Flags
r-devel-linux-x86_64-debian-clang 4.9.4.1 18.66 248.63 267.29 OK
r-devel-linux-x86_64-debian-gcc 4.9.4.1 15.06 174.81 189.87 OK
r-devel-linux-x86_64-fedora-clang 4.9.4.1 318.68 NOTE
r-devel-linux-x86_64-fedora-gcc 4.9.4.1 307.63 OK
r-devel-windows-x86_64 4.9.4.1 20.00 208.00 228.00 NOTE
r-devel-windows-x86_64-gcc10-UCRT 4.9.4.1 OK
r-patched-linux-x86_64 4.9.4.1 16.58 224.27 240.85 OK
r-patched-solaris-x86 4.9.4.1 382.60 NOTE
r-release-linux-x86_64 4.9.4.1 15.17 222.68 237.85 OK
r-release-macos-arm64 4.9.4.1 NOTE
r-release-macos-x86_64 4.9.4.1 NOTE
r-release-windows-ix86+x86_64 4.9.4.1 31.00 199.00 230.00 NOTE
r-oldrel-macos-x86_64 4.9.4.1 NOTE
r-oldrel-windows-ix86+x86_64 4.9.4.1 23.00 202.00 225.00 NOTE

Check Details

Version: 4.9.4.1
Check: installed package size
Result: NOTE
     installed size is 6.9Mb
     sub-directories of 1Mb or more:
     htmlwidgets 3.8Mb
Flavors: r-devel-linux-x86_64-fedora-clang, r-devel-windows-x86_64, r-patched-solaris-x86, r-release-macos-arm64, r-release-macos-x86_64, r-release-windows-ix86+x86_64, r-oldrel-macos-x86_64, r-oldrel-windows-ix86+x86_64