CRAN Package Check Results for Package plotlyGeoAssets

Last updated on 2024-04-12 01:00:34 CEST.

Flavor Version Tinstall Tcheck Ttotal Status Flags
r-devel-linux-x86_64-debian-clang 0.0.2 1.83 21.18 23.01 NOTE
r-devel-linux-x86_64-debian-gcc 0.0.2 1.76 16.33 18.09 NOTE
r-devel-linux-x86_64-fedora-clang 0.0.2 28.72 NOTE
r-devel-linux-x86_64-fedora-gcc 0.0.2 27.37 NOTE
r-devel-windows-x86_64 0.0.2 5.00 38.00 43.00 NOTE
r-patched-linux-x86_64 0.0.2 1.91 20.55 22.46 NOTE
r-release-linux-x86_64 0.0.2 2.10 20.95 23.05 NOTE
r-release-macos-arm64 0.0.2 16.00 NOTE
r-release-macos-x86_64 0.0.2 21.00 NOTE
r-release-windows-x86_64 0.0.2 6.00 37.00 43.00 NOTE
r-oldrel-macos-arm64 0.0.2 17.00 NOTE
r-oldrel-windows-x86_64 0.0.2 6.00 44.00 50.00 NOTE

Check Details

Version: 0.0.2
Check: LazyData
Result: NOTE 'LazyData' is specified without a 'data' directory Flavors: r-devel-linux-x86_64-debian-clang, r-devel-linux-x86_64-debian-gcc, r-devel-linux-x86_64-fedora-clang, r-devel-linux-x86_64-fedora-gcc, r-devel-windows-x86_64, r-patched-linux-x86_64, r-release-linux-x86_64, r-release-macos-arm64, r-release-macos-x86_64, r-release-windows-x86_64, r-oldrel-macos-arm64, r-oldrel-windows-x86_64