CRAN Package Check Results for Package plotlyGeoAssets

Last updated on 2021-10-16 20:50:52 CEST.

Flavor Version Tinstall Tcheck Ttotal Status Flags
r-devel-linux-x86_64-debian-clang 0.0.2 2.04 19.94 21.98 NOTE
r-devel-linux-x86_64-debian-gcc 0.0.2 1.72 15.94 17.66 NOTE
r-devel-linux-x86_64-fedora-clang 0.0.2 36.98 NOTE
r-devel-linux-x86_64-fedora-gcc 0.0.2 26.39 NOTE
r-devel-windows-x86_64 0.0.2 7.00 27.00 34.00 NOTE
r-devel-windows-x86_64-gcc10-UCRT 0.0.2 NOTE
r-patched-linux-x86_64 0.0.2 1.89 19.46 21.35 NOTE
r-patched-solaris-x86 0.0.2 43.40 NOTE
r-release-linux-x86_64 0.0.2 2.03 19.39 21.42 NOTE
r-release-macos-arm64 0.0.2 NOTE
r-release-macos-x86_64 0.0.2 NOTE
r-release-windows-ix86+x86_64 0.0.2 9.00 37.00 46.00 NOTE
r-oldrel-macos-x86_64 0.0.2 OK
r-oldrel-windows-ix86+x86_64 0.0.2 9.00 38.00 47.00 OK

Check Details

Version: 0.0.2
Check: LazyData
Result: NOTE
     'LazyData' is specified without a 'data' directory
Flavors: r-devel-linux-x86_64-debian-clang, r-devel-linux-x86_64-debian-gcc, r-devel-linux-x86_64-fedora-clang, r-devel-linux-x86_64-fedora-gcc, r-devel-windows-x86_64, r-devel-windows-x86_64-gcc10-UCRT, r-patched-linux-x86_64, r-patched-solaris-x86, r-release-linux-x86_64, r-release-macos-arm64, r-release-macos-x86_64, r-release-windows-ix86+x86_64