Last updated on 2024-04-24 09:21:54 CEST.
Flavor | Version | Tinstall | Tcheck | Ttotal | Status | Flags |
---|---|---|---|---|---|---|
r-devel-linux-x86_64-debian-clang | 0.9.10 | 12.72 | 83.09 | 95.81 | OK | |
r-devel-linux-x86_64-debian-gcc | 0.9.11 | 8.79 | 58.03 | 66.82 | OK | |
r-devel-linux-x86_64-fedora-clang | 0.9.11 | 113.37 | NOTE | |||
r-devel-linux-x86_64-fedora-gcc | 0.9.11 | 111.00 | OK | |||
r-patched-linux-x86_64 | 0.9.10 | 11.47 | 81.38 | 92.85 | OK | |
r-release-linux-x86_64 | 0.9.10 | 12.38 | 82.00 | 94.38 | OK | |
r-release-macos-arm64 | 0.9.11 | 36.00 | NOTE | |||
r-release-macos-x86_64 | 0.9.11 | 82.00 | NOTE | |||
r-release-windows-x86_64 | 0.9.11 | 13.00 | 84.00 | 97.00 | OK | |
r-oldrel-macos-arm64 | 0.9.11 | 35.00 | NOTE | |||
r-oldrel-macos-x86_64 | 0.9.11 | 64.00 | NOTE | |||
r-oldrel-windows-x86_64 | 0.9.10 | 13.00 | 90.00 | 103.00 | OK |
Version: 0.9.11
Check: Rd cross-references
Result: NOTE
Undeclared package ‘MSQC’ in Rd xrefs
Flavor: r-devel-linux-x86_64-fedora-clang
Version: 0.9.11
Check: package dependencies
Result: NOTE
Package suggested but not available for checking: ‘Rmpi’
Flavors: r-release-macos-arm64, r-release-macos-x86_64, r-oldrel-macos-arm64, r-oldrel-macos-x86_64