CRAN Package Check Results for Package plsr

Last updated on 2021-09-28 01:49:33 CEST.

Flavor Version Tinstall Tcheck Ttotal Status Flags
r-devel-linux-x86_64-debian-clang 0.0.1 3.01 39.06 42.07 NOTE
r-devel-linux-x86_64-debian-gcc 0.0.1 2.82 28.87 31.69 NOTE
r-devel-linux-x86_64-fedora-clang 0.0.1 58.36 OK
r-devel-linux-x86_64-fedora-gcc 0.0.1 52.52 OK
r-devel-windows-x86_64 0.0.1 5.00 46.00 51.00 NOTE
r-devel-windows-x86_64-gcc10-UCRT 0.0.1 OK
r-patched-linux-x86_64 0.0.1 3.76 36.75 40.51 NOTE
r-patched-solaris-x86 0.0.1 74.90 OK
r-release-linux-x86_64 0.0.1 3.23 36.79 40.02 NOTE
r-release-macos-arm64 0.0.1 OK
r-release-macos-x86_64 0.0.1 OK
r-release-windows-ix86+x86_64 0.0.1 7.00 43.00 50.00 NOTE
r-oldrel-macos-x86_64 0.0.1 OK
r-oldrel-windows-ix86+x86_64 0.0.1 6.00 43.00 49.00 NOTE

Check Details

Version: 0.0.1
Check: package vignettes
Result: NOTE
    Package vignette with placeholder title 'Vignette Title':
     'introduction.Rmd'
Flavors: r-devel-linux-x86_64-debian-clang, r-devel-linux-x86_64-debian-gcc, r-devel-windows-x86_64, r-patched-linux-x86_64, r-release-linux-x86_64, r-release-windows-ix86+x86_64, r-oldrel-windows-ix86+x86_64