Last updated on 2024-07-18 08:51:16 CEST.
Flavor | Version | Tinstall | Tcheck | Ttotal | Status | Flags |
---|---|---|---|---|---|---|
r-devel-linux-x86_64-debian-clang | 0.3.0 | 8.52 | 43.25 | 51.77 | NOTE | |
r-devel-linux-x86_64-debian-gcc | 0.3.0 | 6.37 | 33.42 | 39.79 | NOTE | |
r-devel-linux-x86_64-fedora-clang | 0.3.0 | 64.33 | NOTE | |||
r-devel-linux-x86_64-fedora-gcc | 0.3.0 | 64.19 | NOTE | |||
r-devel-windows-x86_64 | 0.3.0 | 8.00 | 54.00 | 62.00 | NOTE | |
r-patched-linux-x86_64 | 0.3.0 | 9.27 | 42.12 | 51.39 | NOTE | |
r-release-linux-x86_64 | 0.3.0 | 8.61 | 42.28 | 50.89 | NOTE | |
r-release-macos-arm64 | 0.3.0 | 26.00 | NOTE | |||
r-release-macos-x86_64 | 0.3.0 | 34.00 | NOTE | |||
r-release-windows-x86_64 | 0.3.0 | 9.00 | 55.00 | 64.00 | NOTE | |
r-oldrel-macos-arm64 | 0.3.0 | 28.00 | OK | |||
r-oldrel-macos-x86_64 | 0.3.0 | 62.00 | OK | |||
r-oldrel-windows-x86_64 | 0.3.0 | 10.00 | 59.00 | 69.00 | OK |
Version: 0.3.0
Check: Rd files
Result: NOTE
checkRd: (-1) plu_more.Rd:16: Lost braces; missing escapes or markup?
16 | Additional arguments are replaced with "{n} more".
| ^
Flavors: r-devel-linux-x86_64-debian-clang, r-devel-linux-x86_64-debian-gcc, r-devel-linux-x86_64-fedora-clang, r-devel-linux-x86_64-fedora-gcc, r-devel-windows-x86_64, r-patched-linux-x86_64, r-release-linux-x86_64, r-release-macos-arm64, r-release-macos-x86_64, r-release-windows-x86_64