Last updated on 2024-04-25 08:00:01 CEST.
Flavor | Version | Tinstall | Tcheck | Ttotal | Status | Flags |
---|---|---|---|---|---|---|
r-devel-linux-x86_64-debian-clang | 0.3.0 | 8.87 | 44.34 | 53.21 | NOTE | |
r-devel-linux-x86_64-debian-gcc | 0.3.0 | 6.06 | 33.08 | 39.14 | NOTE | |
r-devel-linux-x86_64-fedora-clang | 0.3.0 | 64.75 | NOTE | |||
r-devel-linux-x86_64-fedora-gcc | 0.3.0 | 61.54 | NOTE | |||
r-devel-windows-x86_64 | 0.3.0 | 9.00 | 54.00 | 63.00 | NOTE | |
r-patched-linux-x86_64 | 0.3.0 | 7.28 | 42.59 | 49.87 | NOTE | |
r-release-linux-x86_64 | 0.3.0 | 7.53 | 42.71 | 50.24 | OK | |
r-release-macos-arm64 | 0.3.0 | 26.00 | NOTE | |||
r-release-windows-x86_64 | 0.3.0 | 8.00 | 54.00 | 62.00 | NOTE | |
r-oldrel-macos-arm64 | 0.3.0 | 28.00 | OK | |||
r-oldrel-macos-x86_64 | 0.3.0 | 62.00 | OK | |||
r-oldrel-windows-x86_64 | 0.3.0 | 9.00 | 58.00 | 67.00 | OK |
Version: 0.3.0
Check: Rd files
Result: NOTE
checkRd: (-1) plu_more.Rd:16: Lost braces; missing escapes or markup?
16 | Additional arguments are replaced with "{n} more".
| ^
Flavors: r-devel-linux-x86_64-debian-clang, r-devel-linux-x86_64-debian-gcc, r-devel-linux-x86_64-fedora-clang, r-devel-linux-x86_64-fedora-gcc, r-devel-windows-x86_64, r-patched-linux-x86_64, r-release-macos-arm64, r-release-windows-x86_64