CRAN Package Check Results for Package plumbertableau

Last updated on 2021-12-02 20:51:38 CET.

Flavor Version Tinstall Tcheck Ttotal Status Flags
r-devel-linux-x86_64-debian-clang 0.1.0 3.18 39.93 43.11 OK
r-devel-linux-x86_64-debian-gcc 0.1.0 2.95 31.73 34.68 OK
r-devel-linux-x86_64-fedora-clang 0.1.0 65.19 NOTE
r-devel-linux-x86_64-fedora-gcc 0.1.0 53.65 NOTE
r-devel-windows-x86_64-new-UL 0.1.0 12.00 92.00 104.00 OK
r-devel-windows-x86_64-new-TK 0.1.0 NOTE
r-devel-windows-x86_64-old 0.1.0 6.00 53.00 59.00 OK
r-patched-linux-x86_64 0.1.0 3.80 40.14 43.94 OK
r-patched-solaris-x86 0.1.0 76.00 ERROR
r-release-linux-x86_64 0.1.0 3.56 39.51 43.07 OK
r-release-macos-arm64 0.1.0 NOTE
r-release-macos-x86_64 0.1.0 NOTE
r-release-windows-ix86+x86_64 0.1.0 8.00 66.00 74.00 OK
r-oldrel-macos-x86_64 0.1.0 NOTE
r-oldrel-windows-ix86+x86_64 0.1.0 9.00 63.00 72.00 OK

Check Details

Version: 0.1.0
Check: dependencies in R code
Result: NOTE
    Namespace in Imports field not imported from: ‘glue’
     All declared Imports should be used.
Flavors: r-devel-linux-x86_64-fedora-clang, r-devel-linux-x86_64-fedora-gcc, r-devel-windows-x86_64-new-TK, r-patched-solaris-x86, r-release-macos-arm64, r-release-macos-x86_64, r-oldrel-macos-x86_64

Version: 0.1.0
Check: examples
Result: ERROR
    Running examples in ‘plumbertableau-Ex.R’ failed
    The error most likely occurred in:
    
    > ### Name: tableau_invoke
    > ### Title: Programatically invoke a Tableau extension function
    > ### Aliases: tableau_invoke
    >
    > ### ** Examples
    >
    > pr_path <- system.file("plumber/stringutils/plumber.R",
    + package = "plumbertableau")
    >
    > tableau_invoke(pr_path, "/lowercase", LETTERS[1:5])
    Verbose logging is off. To enable it please set the environment variable `DEBUGME` to include `plumbertableau`.
    
    
    
    
    Execution halted
Flavor: r-patched-solaris-x86

Version: 0.1.0
Check: tests
Result: ERROR
     Running ‘testthat.R’ [0m/180m]
    Running the tests in ‘tests/testthat.R’ failed.
    Complete output:
     > library(testthat)
     > library(plumbertableau)
     >
     > test_check("plumbertableau")
     Verbose logging is off. To enable it please set the environment variable `DEBUGME` to include `plumbertableau`.
    
    
     Verbose logging is off. To enable it please set the environment variable `DEBUGME` to include `plumbertableau`.
    
    
    
    
     Execution halted
Flavor: r-patched-solaris-x86