CRAN Package Check Results for Package plumbertableau

Last updated on 2023-06-05 16:55:03 CEST.

Flavor Version Tinstall Tcheck Ttotal Status Flags
r-devel-linux-x86_64-debian-clang 0.1.0 4.99 48.25 53.24 OK
r-devel-linux-x86_64-debian-gcc 0.1.0 3.94 37.81 41.75 OK
r-devel-linux-x86_64-fedora-clang 0.1.0 67.41 NOTE
r-devel-linux-x86_64-fedora-gcc 0.1.0 74.50 NOTE
r-devel-windows-x86_64 0.1.0 7.00 64.00 71.00 OK
r-patched-linux-x86_64 0.1.0 3.72 47.65 51.37 OK
r-release-linux-x86_64 0.1.0 4.94 47.77 52.71 OK
r-release-macos-arm64 0.1.0 36.00 OK
r-release-macos-x86_64 0.1.0 50.00 OK
r-release-windows-x86_64 0.1.0 7.00 65.00 72.00 OK
r-oldrel-macos-arm64 0.1.0 28.00 NOTE
r-oldrel-macos-x86_64 0.1.0 38.00 NOTE
r-oldrel-windows-x86_64 0.1.0 8.00 69.00 77.00 OK

Check Details

Version: 0.1.0
Check: dependencies in R code
Result: NOTE
    Namespace in Imports field not imported from: ‘glue’
     All declared Imports should be used.
Flavors: r-devel-linux-x86_64-fedora-clang, r-devel-linux-x86_64-fedora-gcc, r-oldrel-macos-arm64, r-oldrel-macos-x86_64