Last updated on 2023-12-10 16:51:22 CET.
Flavor | Version | Tinstall | Tcheck | Ttotal | Status | Flags |
---|---|---|---|---|---|---|
r-devel-linux-x86_64-debian-clang | 0.2.1 | 5.79 | 147.77 | 153.56 | OK | |
r-devel-linux-x86_64-debian-gcc | 0.2.1 | 5.51 | 111.76 | 117.27 | OK | |
r-devel-linux-x86_64-fedora-clang | 0.2.1 | 185.94 | NOTE | |||
r-devel-linux-x86_64-fedora-gcc | 0.2.1 | 196.74 | NOTE | |||
r-devel-windows-x86_64 | 0.2.1 | 7.00 | 168.00 | 175.00 | OK | |
r-patched-linux-x86_64 | 0.2.1 | 5.71 | 147.58 | 153.29 | OK | |
r-release-linux-x86_64 | 0.2.1 | 5.45 | 145.38 | 150.83 | OK | |
r-release-macos-arm64 | 0.2.1 | 77.00 | NOTE | |||
r-release-macos-x86_64 | 0.2.1 | 113.00 | NOTE | |||
r-release-windows-x86_64 | 0.2.1 | 9.00 | 178.00 | 187.00 | OK | |
r-oldrel-macos-arm64 | 0.2.1 | 62.00 | NOTE | |||
r-oldrel-macos-x86_64 | 0.2.1 | 90.00 | NOTE | |||
r-oldrel-windows-x86_64 | 0.2.1 | 10.00 | 175.00 | 185.00 | OK |
Version: 0.2.1
Check: package dependencies
Result: NOTE
Package suggested but not available for checking: ‘MSnbase’
Flavors: r-devel-linux-x86_64-fedora-clang, r-devel-linux-x86_64-fedora-gcc, r-release-macos-arm64, r-release-macos-x86_64
Version: 0.2.1
Check: data for non-ASCII characters
Result: NOTE
Note: found 62 marked UTF-8 strings
Flavors: r-devel-linux-x86_64-fedora-clang, r-devel-linux-x86_64-fedora-gcc, r-oldrel-macos-arm64, r-oldrel-macos-x86_64