Last updated on 2024-03-28 23:55:15 CET.
Flavor | Version | Tinstall | Tcheck | Ttotal | Status | Flags |
---|---|---|---|---|---|---|
r-devel-linux-x86_64-debian-clang | 0.2.1 | 5.14 | 160.83 | 165.97 | OK | |
r-devel-linux-x86_64-debian-gcc | 0.2.1 | 5.72 | 117.00 | 122.72 | OK | |
r-devel-linux-x86_64-fedora-clang | 0.2.1 | 179.88 | NOTE | |||
r-devel-linux-x86_64-fedora-gcc | 0.2.1 | 196.59 | NOTE | |||
r-devel-windows-x86_64 | 0.2.1 | 8.00 | 170.00 | 178.00 | OK | |
r-patched-linux-x86_64 | 0.2.1 | 5.25 | 155.41 | 160.66 | OK | |
r-release-linux-x86_64 | 0.2.1 | 4.61 | 149.00 | 153.61 | OK | |
r-release-macos-arm64 | 0.2.1 | 77.00 | NOTE | |||
r-release-macos-x86_64 | 0.2.1 | 113.00 | NOTE | |||
r-release-windows-x86_64 | 0.2.1 | 9.00 | 176.00 | 185.00 | OK | |
r-oldrel-macos-arm64 | 0.2.1 | 62.00 | NOTE | |||
r-oldrel-windows-x86_64 | 0.2.1 | 10.00 | 176.00 | 186.00 | OK |
Version: 0.2.1
Check: package dependencies
Result: NOTE
Package suggested but not available for checking: ‘MSnbase’
Flavors: r-devel-linux-x86_64-fedora-clang, r-devel-linux-x86_64-fedora-gcc, r-release-macos-arm64, r-release-macos-x86_64
Version: 0.2.1
Check: data for non-ASCII characters
Result: NOTE
Note: found 62 marked UTF-8 strings
Flavors: r-devel-linux-x86_64-fedora-clang, r-devel-linux-x86_64-fedora-gcc, r-oldrel-macos-arm64