CRAN Package Check Results for Package pmpp

Last updated on 2021-10-16 13:04:05 CEST.

Flavor Version Tinstall Tcheck Ttotal Status Flags
r-devel-linux-x86_64-debian-clang 0.1.1 13.15 300.47 313.62 NOTE
r-devel-linux-x86_64-debian-gcc 0.1.1 11.31 210.98 222.29 NOTE
r-devel-linux-x86_64-fedora-clang 0.1.1 371.43 NOTE
r-devel-linux-x86_64-fedora-gcc 0.1.1 359.91 NOTE
r-devel-windows-x86_64 0.1.1 14.00 271.00 285.00 NOTE
r-devel-windows-x86_64-gcc10-UCRT 0.1.1 NOTE
r-patched-linux-x86_64 0.1.1 14.22 283.91 298.13 NOTE
r-patched-solaris-x86 0.1.1 568.20 NOTE
r-release-linux-x86_64 0.1.1 13.17 282.20 295.37 NOTE
r-release-macos-arm64 0.1.1 NOTE
r-release-macos-x86_64 0.1.1 NOTE
r-release-windows-ix86+x86_64 0.1.1 31.00 353.00 384.00 NOTE
r-oldrel-macos-x86_64 0.1.1 OK
r-oldrel-windows-ix86+x86_64 0.1.1 31.00 353.00 384.00 OK

Check Details

Version: 0.1.1
Check: LazyData
Result: NOTE
     'LazyData' is specified without a 'data' directory
Flavors: r-devel-linux-x86_64-debian-clang, r-devel-linux-x86_64-debian-gcc, r-devel-linux-x86_64-fedora-clang, r-devel-linux-x86_64-fedora-gcc, r-devel-windows-x86_64, r-devel-windows-x86_64-gcc10-UCRT, r-patched-linux-x86_64, r-patched-solaris-x86, r-release-linux-x86_64, r-release-macos-arm64, r-release-macos-x86_64, r-release-windows-ix86+x86_64