Last updated on 2024-04-19 16:58:52 CEST.
Flavor | Version | Tinstall | Tcheck | Ttotal | Status | Flags |
---|---|---|---|---|---|---|
r-devel-linux-x86_64-debian-clang | 1.2.5.1 | 4.35 | 39.36 | 43.71 | NOTE | |
r-devel-linux-x86_64-debian-gcc | 1.2.5.1 | NOTE | ||||
r-devel-linux-x86_64-fedora-clang | 1.2.5.1 | 54.94 | NOTE | |||
r-devel-linux-x86_64-fedora-gcc | 1.2.5.1 | 52.06 | NOTE | |||
r-prerel-macos-arm64 | 1.2.5.1 | 24.00 | NOTE | |||
r-prerel-windows-x86_64 | 1.2.5.1 | 4.00 | 51.00 | 55.00 | NOTE | |
r-patched-linux-x86_64 | 1.2.5.1 | 4.63 | 37.85 | 42.48 | NOTE | |
r-release-linux-x86_64 | 1.2.5.1 | 3.47 | 38.60 | 42.07 | OK | |
r-release-macos-arm64 | 1.2.5.1 | 20.00 | OK | |||
r-release-macos-x86_64 | 1.2.5.1 | 30.00 | OK | |||
r-release-windows-x86_64 | 1.2.5.1 | 5.00 | 56.00 | 61.00 | OK | |
r-oldrel-macos-arm64 | 1.2.5.1 | 21.00 | OK | |||
r-oldrel-windows-x86_64 | 1.2.5.1 | 19.00 | 65.00 | 84.00 | OK |
Version: 1.2.5.1
Check: Rd files
Result: NOTE
checkRd: (-1) ahp.Rd:16: Lost braces; missing escapes or markup?
16 | an ``A'' matrix. It should be a square matrix with diagonal values equal 1 and $a_{ij} = 1/a_{ij}$.
| ^
checkRd: (-1) ahp.Rd:16: Lost braces; missing escapes or markup?
16 | an ``A'' matrix. It should be a square matrix with diagonal values equal 1 and $a_{ij} = 1/a_{ij}$.
| ^
Flavors: r-devel-linux-x86_64-debian-clang, r-devel-linux-x86_64-debian-gcc, r-devel-linux-x86_64-fedora-clang, r-devel-linux-x86_64-fedora-gcc, r-prerel-macos-arm64, r-prerel-windows-x86_64, r-patched-linux-x86_64