Last updated on 2023-06-05 16:55:03 CEST.
Flavor | Version | Tinstall | Tcheck | Ttotal | Status | Flags |
---|---|---|---|---|---|---|
r-devel-linux-x86_64-debian-clang | 1.3 | 15.60 | 122.88 | 138.48 | OK | |
r-devel-linux-x86_64-debian-gcc | 1.3 | 12.47 | 90.73 | 103.20 | OK | |
r-devel-linux-x86_64-fedora-clang | 1.3 | 170.29 | NOTE | |||
r-devel-linux-x86_64-fedora-gcc | 1.3 | 171.04 | OK | |||
r-devel-windows-x86_64 | 1.3 | 14.00 | 110.00 | 124.00 | OK | |
r-patched-linux-x86_64 | 1.3 | 13.06 | 114.37 | 127.43 | OK | |
r-release-linux-x86_64 | 1.3 | 11.58 | 113.84 | 125.42 | OK | |
r-release-macos-arm64 | 1.3 | 53.00 | OK | |||
r-release-macos-x86_64 | 1.3 | 82.00 | OK | |||
r-release-windows-x86_64 | 1.3 | 19.00 | 130.00 | 149.00 | OK | |
r-oldrel-macos-arm64 | 1.3 | 47.00 | OK | |||
r-oldrel-macos-x86_64 | 1.3 | 69.00 | OK | |||
r-oldrel-windows-x86_64 | 1.3 | 18.00 | 125.00 | 143.00 | OK |
Version: 1.3
Check: Rd cross-references
Result: NOTE
Undeclared package ‘DiagrammeR’ in Rd xrefs
Flavor: r-devel-linux-x86_64-fedora-clang