Last updated on 2023-06-08 08:55:29 CEST.
Flavor | Version | Tinstall | Tcheck | Ttotal | Status | Flags |
---|---|---|---|---|---|---|
r-devel-linux-x86_64-debian-clang | 1.6.0.1 | 4.48 | 53.49 | 57.97 | NOTE | |
r-devel-linux-x86_64-debian-gcc | 1.6.0.1 | 3.38 | 41.00 | 44.38 | NOTE | |
r-devel-linux-x86_64-fedora-clang | 1.6.0.1 | 69.39 | NOTE | |||
r-devel-linux-x86_64-fedora-gcc | 1.6.0.1 | 68.52 | NOTE | |||
r-devel-windows-x86_64 | 1.6.0.1 | 6.00 | 70.00 | 76.00 | NOTE | |
r-patched-linux-x86_64 | 1.6.0.1 | 3.72 | 49.49 | 53.21 | NOTE | |
r-release-linux-x86_64 | 1.6.0.1 | 4.06 | 49.38 | 53.44 | NOTE | |
r-release-macos-arm64 | 1.6.0.1 | 30.00 | NOTE | |||
r-release-macos-x86_64 | 1.6.0.1 | 40.00 | NOTE | |||
r-release-windows-x86_64 | 1.6.0.1 | 7.00 | 77.00 | 84.00 | NOTE | |
r-oldrel-macos-arm64 | 1.6.0.1 | 26.00 | OK | |||
r-oldrel-macos-x86_64 | 1.6.0.1 | 38.00 | OK | |||
r-oldrel-windows-x86_64 | 1.6.0.1 | 9.00 | 74.00 | 83.00 | OK |
Version: 1.6.0.1
Check: Rd files
Result: NOTE
checkRd: (-1) carcinoma.Rd:8: Escaped LaTeX specials: \&
checkRd: (-1) poLCA.Rd:63: Escaped LaTeX specials: \&
checkRd: (-1) poLCA.Rd:69: Escaped LaTeX specials: \&
Flavors: r-devel-linux-x86_64-debian-clang, r-devel-linux-x86_64-debian-gcc, r-devel-linux-x86_64-fedora-clang, r-devel-linux-x86_64-fedora-gcc, r-devel-windows-x86_64, r-patched-linux-x86_64, r-release-linux-x86_64, r-release-macos-arm64, r-release-macos-x86_64, r-release-windows-x86_64
Version: 1.6.0.1
Check: Rd cross-references
Result: NOTE
Undeclared package ‘flexmix’ in Rd xrefs
Flavor: r-devel-linux-x86_64-fedora-clang