Last updated on 2024-04-18 16:50:04 CEST.
Flavor | Version | Tinstall | Tcheck | Ttotal | Status | Flags |
---|---|---|---|---|---|---|
r-devel-linux-x86_64-debian-clang | 0.1 | 4.70 | 47.90 | 52.60 | NOTE | |
r-devel-linux-x86_64-debian-gcc | 0.1 | 2.96 | 36.14 | 39.10 | NOTE | |
r-devel-linux-x86_64-fedora-clang | 0.1 | 64.77 | NOTE | |||
r-devel-linux-x86_64-fedora-gcc | 0.1 | 89.28 | NOTE | |||
r-prerel-macos-arm64 | 0.1 | 39.00 | NOTE | |||
r-prerel-windows-x86_64 | 0.1 | 5.00 | 58.00 | 63.00 | NOTE | |
r-patched-linux-x86_64 | 0.1 | 3.51 | 44.60 | 48.11 | NOTE | |
r-release-linux-x86_64 | 0.1 | 4.50 | 44.24 | 48.74 | NOTE | |
r-release-macos-arm64 | 0.1 | 37.00 | NOTE | |||
r-release-macos-x86_64 | 0.1 | 72.00 | NOTE | |||
r-release-windows-x86_64 | 0.1 | 6.00 | 61.00 | 67.00 | NOTE | |
r-oldrel-macos-arm64 | 0.1 | 27.00 | NOTE | |||
r-oldrel-windows-x86_64 | 0.1 | 6.00 | 68.00 | 74.00 | NOTE |
Version: 0.1
Check: package subdirectories
Result: NOTE
Problems with news in ‘NEWS.md’:
No news entries found.
Flavors: r-devel-linux-x86_64-debian-clang, r-devel-linux-x86_64-debian-gcc, r-devel-linux-x86_64-fedora-clang, r-devel-linux-x86_64-fedora-gcc, r-prerel-macos-arm64, r-prerel-windows-x86_64, r-patched-linux-x86_64, r-release-linux-x86_64, r-release-macos-arm64, r-release-macos-x86_64, r-release-windows-x86_64
Version: 0.1
Check: LazyData
Result: NOTE
'LazyData' is specified without a 'data' directory
Flavors: r-devel-linux-x86_64-debian-clang, r-devel-linux-x86_64-debian-gcc, r-devel-linux-x86_64-fedora-clang, r-devel-linux-x86_64-fedora-gcc, r-prerel-macos-arm64, r-prerel-windows-x86_64, r-patched-linux-x86_64, r-release-linux-x86_64, r-release-macos-arm64, r-release-macos-x86_64, r-release-windows-x86_64, r-oldrel-macos-arm64, r-oldrel-windows-x86_64
Version: 0.1
Check: dependencies in R code
Result: NOTE
Namespace in Imports field not imported from: ‘dplyr’
All declared Imports should be used.
Flavors: r-devel-linux-x86_64-fedora-clang, r-devel-linux-x86_64-fedora-gcc, r-oldrel-macos-arm64