Last updated on 2023-06-05 09:54:09 CEST.
Flavor | Version | Tinstall | Tcheck | Ttotal | Status | Flags |
---|---|---|---|---|---|---|
r-devel-linux-x86_64-debian-clang | 0.0-4 | 10.51 | 89.57 | 100.08 | OK | |
r-devel-linux-x86_64-debian-gcc | 0.0-4 | 8.86 | 67.02 | 75.88 | OK | |
r-devel-linux-x86_64-fedora-clang | 0.0-4 | 125.56 | NOTE | |||
r-devel-linux-x86_64-fedora-gcc | 0.0-4 | 118.06 | NOTE | |||
r-devel-windows-x86_64 | 0.0-4 | 11.00 | 94.00 | 105.00 | OK | |
r-patched-linux-x86_64 | 0.0-4 | 9.28 | 84.40 | 93.68 | OK | |
r-release-linux-x86_64 | 0.0-4 | 7.76 | 84.43 | 92.19 | OK | |
r-release-macos-arm64 | 0.0-4 | 36.00 | OK | |||
r-release-macos-x86_64 | 0.0-4 | 65.00 | OK | |||
r-release-windows-x86_64 | 0.0-4 | 14.00 | 105.00 | 119.00 | OK | |
r-oldrel-macos-arm64 | 0.0-4 | 34.00 | NOTE | |||
r-oldrel-macos-x86_64 | 0.0-4 | 61.00 | NOTE | |||
r-oldrel-windows-x86_64 | 0.0-4 | 14.00 | 109.00 | 123.00 | OK |
Version: 0.0-4
Check: Rd cross-references
Result: NOTE
Undeclared package ‘ISOcodes’ in Rd xrefs
Flavor: r-devel-linux-x86_64-fedora-clang
Version: 0.0-4
Check: data for non-ASCII characters
Result: NOTE
Note: found 8 marked UTF-8 strings
Flavors: r-devel-linux-x86_64-fedora-clang, r-devel-linux-x86_64-fedora-gcc, r-oldrel-macos-arm64, r-oldrel-macos-x86_64