CRAN Package Check Results for Package poissonreg

Last updated on 2021-10-21 16:49:53 CEST.

Flavor Version Tinstall Tcheck Ttotal Status Flags
r-devel-linux-x86_64-debian-clang 0.1.1 6.45 69.89 76.34 OK
r-devel-linux-x86_64-debian-gcc 0.1.1 4.90 51.88 56.78 OK
r-devel-linux-x86_64-fedora-clang 0.1.1 100.37 NOTE
r-devel-linux-x86_64-fedora-gcc 0.1.1 87.16 OK
r-devel-windows-x86_64 0.1.1 10.00 88.00 98.00 OK
r-devel-windows-x86_64-gcc10-UCRT 0.1.1 NOTE
r-patched-linux-x86_64 0.1.1 12.28 64.62 76.90 OK
r-patched-solaris-x86 0.1.1 119.30 OK
r-release-linux-x86_64 0.1.1 4.94 64.06 69.00 OK
r-release-macos-arm64 0.1.1 OK
r-release-macos-x86_64 0.1.1 OK
r-release-windows-ix86+x86_64 0.1.1 18.00 85.00 103.00 OK
r-oldrel-macos-x86_64 0.1.1 OK
r-oldrel-windows-ix86+x86_64 0.1.1 15.00 90.00 105.00 OK

Check Details

Version: 0.1.1
Check: Rd cross-references
Result: NOTE
    Undeclared packages ‘workflows’, ‘rstanarm’, ‘rstan’ in Rd xrefs
Flavor: r-devel-linux-x86_64-fedora-clang

Version: 0.1.1
Check: Rd cross-references
Result: NOTE
    Package unavailable to check Rd xrefs: 'rstanarm'
Flavor: r-devel-windows-x86_64-gcc10-UCRT