CRAN Package Check Results for Package polished

Last updated on 2021-09-27 16:50:24 CEST.

Flavor Version Tinstall Tcheck Ttotal Status Flags
r-devel-linux-x86_64-debian-clang 0.4.0 11.33 84.89 96.22 OK
r-devel-linux-x86_64-debian-gcc 0.4.0 9.42 63.18 72.60 OK
r-devel-linux-x86_64-fedora-clang 0.4.0 122.67 NOTE
r-devel-linux-x86_64-fedora-gcc 0.4.0 121.63 OK
r-devel-windows-x86_64 0.4.0 12.00 102.00 114.00 OK
r-devel-windows-x86_64-gcc10-UCRT 0.4.0 OK
r-patched-linux-x86_64 0.4.0 10.00 78.96 88.96 OK
r-patched-solaris-x86 0.4.0 157.80 OK
r-release-linux-x86_64 0.4.0 10.21 79.49 89.70 OK
r-release-macos-arm64 0.4.0 OK
r-release-macos-x86_64 0.4.0 OK
r-release-windows-ix86+x86_64 0.4.0 22.00 105.00 127.00 ERROR
r-oldrel-macos-x86_64 0.4.0 OK
r-oldrel-windows-ix86+x86_64 0.4.0 21.00 98.00 119.00 OK

Check Details

Version: 0.4.0
Check: package dependencies
Result: NOTE
    Imports includes 23 non-default packages.
    Importing from so many packages makes the package vulnerable to any of
    them becoming unavailable. Move as many as possible to Suggests and
    use conditionally.
Flavor: r-devel-linux-x86_64-fedora-clang

Version: 0.4.0
Check: tests
Result: ERROR
     Running 'testthat.R' [17s]
    Running the tests in 'tests/testthat.R' failed.
    Complete output:
     > library(testthat)
     > library(polished)
     > library(httr)
     >
     > test_check("polished")
     Polished API request failed
     Status Code: 400
     Polished API request failed
     Status Code: 400
     Polished API request failed
     Status Code: 400
     Polished API request failed
     Status Code: 400
     Polished API request failed
     Status Code: 400
     == Failed tests ================================================================
     -- Error (test-api-01-apps.R:6:3): can add an app to an account ----------------
     Error: app "test_app" already exists
     Backtrace:
     x
     1. \-polished::add_app(app_name = test_app_name) test-api-01-apps.R:6:2
     2. \-polished::polished_api_res(resp)
    
     [ FAIL 1 | WARN 0 | SKIP 0 | PASS 90 ]
     Error: Test failures
     Execution halted
Flavor: r-release-windows-ix86+x86_64