CRAN Package Check Results for Package polyaAeppli

Last updated on 2021-10-17 12:52:53 CEST.

Flavor Version Tinstall Tcheck Ttotal Status Flags
r-devel-linux-x86_64-debian-clang 2.0 2.04 23.59 25.63 NOTE
r-devel-linux-x86_64-debian-gcc 2.0 1.85 18.81 20.66 NOTE
r-devel-linux-x86_64-fedora-clang 2.0 42.65 NOTE
r-devel-linux-x86_64-fedora-gcc 2.0 31.33 NOTE
r-devel-windows-x86_64 2.0 3.00 37.00 40.00 NOTE
r-devel-windows-x86_64-gcc10-UCRT 2.0 NOTE
r-patched-linux-x86_64 2.0 2.21 23.26 25.47 NOTE
r-patched-solaris-x86 2.0 55.60 NOTE
r-release-linux-x86_64 2.0 2.23 23.04 25.27 NOTE
r-release-macos-arm64 2.0 NOTE
r-release-macos-x86_64 2.0 NOTE
r-release-windows-ix86+x86_64 2.0 4.00 29.00 33.00 NOTE
r-oldrel-macos-x86_64 2.0 NOTE
r-oldrel-windows-ix86+x86_64 2.0 4.00 29.00 33.00 NOTE

Check Details

Version: 2.0
Check: R code for possible problems
Result: NOTE
    qPolyaAeppliSingle: no visible global function definition for 'qgamma'
    rPolyaAeppli: no visible global function definition for 'rpois'
    rPolyaAeppli: no visible global function definition for 'rgeom'
    Undefined global functions or variables:
     qgamma rgeom rpois
    Consider adding
     importFrom("stats", "qgamma", "rgeom", "rpois")
    to your NAMESPACE file.
Flavors: r-devel-linux-x86_64-debian-clang, r-devel-linux-x86_64-debian-gcc, r-devel-linux-x86_64-fedora-clang, r-devel-linux-x86_64-fedora-gcc, r-devel-windows-x86_64, r-devel-windows-x86_64-gcc10-UCRT, r-patched-linux-x86_64, r-patched-solaris-x86, r-release-linux-x86_64, r-release-macos-arm64, r-release-macos-x86_64, r-release-windows-ix86+x86_64, r-oldrel-macos-x86_64, r-oldrel-windows-ix86+x86_64