Last updated on 2024-04-18 01:03:08 CEST.
Flavor | Version | Tinstall | Tcheck | Ttotal | Status | Flags |
---|---|---|---|---|---|---|
r-devel-linux-x86_64-debian-clang | 1.1.5 | 514.61 | 1378.41 | 1893.02 | OK | |
r-devel-linux-x86_64-debian-gcc | 1.1.5 | 404.58 | 871.05 | 1275.63 | OK | |
r-devel-linux-x86_64-fedora-clang | 1.1.5 | 2676.36 | NOTE | |||
r-devel-linux-x86_64-fedora-gcc | 1.1.5 | 2497.76 | OK | |||
r-prerel-macos-arm64 | 1.1.5 | 480.00 | NOTE | |||
r-prerel-windows-x86_64 | 1.1.5 | 362.00 | 557.00 | 919.00 | NOTE | |
r-patched-linux-x86_64 | 1.1.5 | 483.57 | 1245.68 | 1729.25 | OK | |
r-release-linux-x86_64 | 1.1.5 | 447.34 | 1251.52 | 1698.86 | OK | |
r-release-macos-arm64 | 1.1.5 | 285.00 | NOTE | |||
r-release-macos-x86_64 | 1.1.5 | 562.00 | NOTE | |||
r-release-windows-x86_64 | 1.1.5 | 436.00 | 856.00 | 1292.00 | NOTE | |
r-oldrel-macos-arm64 | 1.1.5 | 284.00 | NOTE | |||
r-oldrel-windows-x86_64 | 1.1.5 | 457.00 | 808.00 | 1265.00 | NOTE |
Version: 1.1.5
Check: installed package size
Result: NOTE
installed size is 11.8Mb
sub-directories of 1Mb or more:
R 6.3Mb
data 4.3Mb
Flavors: r-devel-linux-x86_64-fedora-clang, r-prerel-macos-arm64, r-prerel-windows-x86_64, r-release-macos-arm64, r-release-macos-x86_64, r-release-windows-x86_64, r-oldrel-macos-arm64, r-oldrel-windows-x86_64
Version: 1.1.5
Check: package dependencies
Result: NOTE
Package suggested but not available for checking: ‘mappoly’
Flavor: r-prerel-macos-arm64