Last updated on 2024-04-23 16:58:24 CEST.
Flavor | Version | Tinstall | Tcheck | Ttotal | Status | Flags |
---|---|---|---|---|---|---|
r-devel-linux-x86_64-debian-clang | 0.1.1 | 44.31 | 141.91 | 186.22 | OK | |
r-devel-linux-x86_64-debian-gcc | 0.1.1 | 34.80 | 103.85 | 138.65 | OK | |
r-devel-linux-x86_64-fedora-clang | 0.1.1 | 244.21 | NOTE | |||
r-devel-linux-x86_64-fedora-gcc | 0.1.1 | 246.19 | OK | |||
r-prerel-macos-arm64 | 0.1.1 | 59.00 | NOTE | |||
r-prerel-windows-x86_64 | 0.1.1 | 36.00 | 128.00 | 164.00 | NOTE | |
r-patched-linux-x86_64 | 0.1.1 | 27.50 | 130.81 | 158.31 | OK | |
r-release-linux-x86_64 | 0.1.1 | 29.05 | 134.49 | 163.54 | OK | |
r-release-macos-arm64 | 0.1.1 | 52.00 | NOTE | |||
r-release-macos-x86_64 | 0.1.1 | 124.00 | NOTE | |||
r-release-windows-x86_64 | 0.1.1 | 45.00 | 153.00 | 198.00 | NOTE | |
r-oldrel-macos-arm64 | 0.1.1 | 61.00 | NOTE | |||
r-oldrel-windows-x86_64 | 0.1.1 | 43.00 | 135.00 | 178.00 | NOTE |
Version: 0.1.1
Check: installed package size
Result: NOTE
installed size is 5.1Mb
sub-directories of 1Mb or more:
data 2.6Mb
doc 1.8Mb
Flavors: r-devel-linux-x86_64-fedora-clang, r-prerel-macos-arm64, r-prerel-windows-x86_64, r-release-macos-arm64, r-release-macos-x86_64, r-release-windows-x86_64, r-oldrel-macos-arm64, r-oldrel-windows-x86_64