Last updated on 2024-04-23 08:58:11 CEST.
Flavor | Version | Tinstall | Tcheck | Ttotal | Status | Flags |
---|---|---|---|---|---|---|
r-devel-linux-x86_64-debian-clang | 1.0.0 | 8.98 | 98.47 | 107.45 | NOTE | |
r-devel-linux-x86_64-debian-gcc | 1.0.0 | 8.55 | 73.12 | 81.67 | NOTE | |
r-devel-linux-x86_64-fedora-clang | 1.0.0 | 137.16 | NOTE | |||
r-devel-linux-x86_64-fedora-gcc | 1.0.0 | 127.77 | NOTE | |||
r-prerel-macos-arm64 | 1.0.0 | 41.00 | NOTE | |||
r-prerel-macos-x86_64 | 1.0.0 | 80.00 | NOTE | |||
r-prerel-windows-x86_64 | 1.0.0 | 10.00 | 84.00 | 94.00 | NOTE | |
r-patched-linux-x86_64 | 1.0.0 | 6.51 | 93.76 | 100.27 | NOTE | |
r-release-linux-x86_64 | 1.0.0 | 7.17 | 96.64 | 103.81 | NOTE | |
r-release-macos-arm64 | 1.0.0 | 43.00 | NOTE | |||
r-release-macos-x86_64 | 1.0.0 | 66.00 | NOTE | |||
r-release-windows-x86_64 | 1.0.0 | 14.00 | 96.00 | 110.00 | NOTE | |
r-oldrel-macos-arm64 | 1.0.0 | 11.00 | ERROR | |||
r-oldrel-windows-x86_64 | 1.0.0 | 14.00 | 101.00 | 115.00 | NOTE |
Version: 1.0.0
Check: LazyData
Result: NOTE
'LazyData' is specified without a 'data' directory
Flavors: r-devel-linux-x86_64-debian-clang, r-devel-linux-x86_64-debian-gcc, r-devel-linux-x86_64-fedora-clang, r-devel-linux-x86_64-fedora-gcc, r-prerel-macos-arm64, r-prerel-macos-x86_64, r-prerel-windows-x86_64, r-patched-linux-x86_64, r-release-linux-x86_64, r-release-macos-arm64, r-release-macos-x86_64, r-release-windows-x86_64, r-oldrel-windows-x86_64
Version: 1.0.0
Check: package dependencies
Result: ERROR
Package required but not available: ‘EmpiricalBrownsMethod’
See section ‘The DESCRIPTION file’ in the ‘Writing R Extensions’
manual.
Flavor: r-oldrel-macos-arm64