Last updated on 2024-04-24 00:55:53 CEST.
Flavor | Version | Tinstall | Tcheck | Ttotal | Status | Flags |
---|---|---|---|---|---|---|
r-devel-linux-x86_64-debian-clang | 0.3.3 | 74.59 | 90.69 | 165.28 | OK | |
r-devel-linux-x86_64-debian-gcc | 0.3.3 | 51.28 | 65.30 | 116.58 | OK | |
r-devel-linux-x86_64-fedora-clang | 0.3.3 | 214.10 | OK | |||
r-devel-linux-x86_64-fedora-gcc | 0.3.3 | 211.75 | OK | |||
r-prerel-macos-arm64 | 0.3.3 | 49.00 | NOTE | |||
r-prerel-macos-x86_64 | 0.3.3 | 141.00 | NOTE | |||
r-prerel-windows-x86_64 | 0.3.3 | 48.00 | 102.00 | 150.00 | OK | |
r-patched-linux-x86_64 | 0.3.3 | 70.35 | 82.73 | 153.08 | OK | |
r-release-linux-x86_64 | 0.3.3 | 61.14 | 88.56 | 149.70 | OK | |
r-release-macos-arm64 | 0.3.3 | 56.00 | NOTE | |||
r-release-macos-x86_64 | 0.3.3 | 120.00 | NOTE | |||
r-release-windows-x86_64 | 0.3.3 | 65.00 | 121.00 | 186.00 | OK | |
r-oldrel-macos-arm64 | 0.3.3 | 54.00 | NOTE | |||
r-oldrel-windows-x86_64 | 0.3.3 | 62.00 | 117.00 | 179.00 | OK |
Version: 0.3.3
Check: installed package size
Result: NOTE
installed size is 6.4Mb
sub-directories of 1Mb or more:
libs 6.1Mb
Flavors: r-prerel-macos-arm64, r-prerel-macos-x86_64, r-release-macos-arm64, r-release-macos-x86_64, r-oldrel-macos-arm64