Last updated on 2024-03-28 15:49:56 CET.
Flavor | Version | Tinstall | Tcheck | Ttotal | Status | Flags |
---|---|---|---|---|---|---|
r-devel-linux-x86_64-debian-clang | 0.5-2 | 10.03 | 105.36 | 115.39 | NOTE | |
r-devel-linux-x86_64-debian-gcc | 0.5-2 | 6.86 | 79.38 | 86.24 | NOTE | |
r-devel-linux-x86_64-fedora-clang | 0.5-2 | 137.00 | NOTE | |||
r-devel-linux-x86_64-fedora-gcc | 0.5-2 | 148.13 | NOTE | |||
r-devel-windows-x86_64 | 0.5-2 | 8.00 | 131.00 | 139.00 | NOTE | |
r-patched-linux-x86_64 | 0.5-2 | 8.42 | 98.80 | 107.22 | NOTE | |
r-release-linux-x86_64 | 0.5-2 | 8.28 | 100.96 | 109.24 | NOTE | |
r-release-macos-arm64 | 0.5-2 | 60.00 | NOTE | |||
r-release-macos-x86_64 | 0.5-2 | 87.00 | NOTE | |||
r-release-windows-x86_64 | 0.5-2 | 7.00 | 139.00 | 146.00 | NOTE | |
r-oldrel-macos-arm64 | 0.5-2 | 52.00 | OK | |||
r-oldrel-windows-x86_64 | 0.5-2 | 12.00 | 149.00 | 161.00 | OK |
Version: 0.5-2
Check: Rd files
Result: NOTE
checkRd: (-1) tradelist-class.Rd:91: Escaped LaTeX specials: \$
Flavors: r-devel-linux-x86_64-debian-clang, r-devel-linux-x86_64-debian-gcc, r-devel-linux-x86_64-fedora-clang, r-devel-linux-x86_64-fedora-gcc, r-devel-windows-x86_64, r-patched-linux-x86_64, r-release-linux-x86_64, r-release-macos-arm64, r-release-macos-x86_64, r-release-windows-x86_64