CRAN Package Check Results for Package postGGIR

Last updated on 2023-12-07 00:56:23 CET.

Flavor Version Tinstall Tcheck Ttotal Status Flags
r-devel-linux-x86_64-debian-clang 2.4.0.2 26.15 210.86 237.01 OK
r-devel-linux-x86_64-debian-gcc 2.4.0.2 20.70 155.42 176.12 OK
r-devel-linux-x86_64-fedora-clang 2.4.0.2 297.61 NOTE
r-devel-linux-x86_64-fedora-gcc 2.4.0.2 299.17 NOTE
r-devel-windows-x86_64 2.4.0.2 24.00 148.00 172.00 OK
r-patched-linux-x86_64 2.4.0.2 23.73 201.75 225.48 OK
r-release-linux-x86_64 2.4.0.2 20.92 201.82 222.74 OK
r-release-macos-arm64 2.4.0.2 89.00 OK
r-release-macos-x86_64 2.4.0.2 136.00 OK
r-release-windows-x86_64 2.4.0.2 30.00 184.00 214.00 OK
r-oldrel-macos-arm64 2.4.0.2 75.00 NOTE
r-oldrel-macos-x86_64 2.4.0.2 144.00 NOTE
r-oldrel-windows-x86_64 2.4.0.2 30.00 171.00 201.00 OK

Check Details

Version: 2.4.0.2
Check: dependencies in R code
Result: NOTE Namespaces in Imports field not imported from: ‘ActCR’ ‘ActFrag’ ‘tidyr’ All declared Imports should be used. Flavors: r-devel-linux-x86_64-fedora-clang, r-devel-linux-x86_64-fedora-gcc, r-oldrel-macos-arm64, r-oldrel-macos-x86_64