CRAN Package Check Results for Package posterdown

Last updated on 2023-06-05 16:55:03 CEST.

Flavor Version Tinstall Tcheck Ttotal Status Flags
r-devel-linux-x86_64-debian-clang 1.0 2.22 23.07 25.29 NOTE
r-devel-linux-x86_64-debian-gcc 1.0 1.63 18.56 20.19 NOTE
r-devel-linux-x86_64-fedora-clang 1.0 31.82 NOTE
r-devel-linux-x86_64-fedora-gcc 1.0 42.90 NOTE
r-devel-windows-x86_64 1.0 5.00 42.00 47.00 NOTE
r-patched-linux-x86_64 1.0 6.85 22.41 29.26 NOTE
r-release-linux-x86_64 1.0 1.80 22.20 24.00 NOTE
r-release-macos-arm64 1.0 27.00 NOTE
r-release-macos-x86_64 1.0 29.00 NOTE
r-release-windows-x86_64 1.0 5.00 40.00 45.00 NOTE
r-oldrel-macos-arm64 1.0 16.00 NOTE
r-oldrel-macos-x86_64 1.0 29.00 NOTE
r-oldrel-windows-x86_64 1.0 5.00 44.00 49.00 NOTE

Check Details

Version: 1.0
Check: LazyData
Result: NOTE
     'LazyData' is specified without a 'data' directory
Flavors: r-devel-linux-x86_64-debian-clang, r-devel-linux-x86_64-debian-gcc, r-devel-linux-x86_64-fedora-clang, r-devel-linux-x86_64-fedora-gcc, r-devel-windows-x86_64, r-patched-linux-x86_64, r-release-linux-x86_64, r-release-macos-arm64, r-release-macos-x86_64, r-release-windows-x86_64, r-oldrel-macos-arm64, r-oldrel-macos-x86_64, r-oldrel-windows-x86_64