CRAN Package Check Results for Package posterdown

Last updated on 2024-04-17 16:53:16 CEST.

Flavor Version Tinstall Tcheck Ttotal Status Flags
r-devel-linux-x86_64-debian-clang 1.0 2.19 25.80 27.99 NOTE
r-devel-linux-x86_64-debian-gcc 1.0 1.74 19.89 21.63 NOTE
r-devel-linux-x86_64-fedora-clang 1.0 37.58 NOTE
r-devel-linux-x86_64-fedora-gcc 1.0 49.10 NOTE
r-prerel-macos-arm64 1.0 22.00 NOTE
r-prerel-windows-x86_64 1.0 4.00 41.00 45.00 NOTE
r-patched-linux-x86_64 1.0 5.90 24.13 30.03 NOTE
r-release-linux-x86_64 1.0 2.19 22.73 24.92 NOTE
r-release-macos-arm64 1.0 27.00 NOTE
r-release-macos-x86_64 1.0 29.00 NOTE
r-release-windows-x86_64 1.0 4.00 41.00 45.00 NOTE
r-oldrel-macos-arm64 1.0 16.00 NOTE
r-oldrel-windows-x86_64 1.0 6.00 44.00 50.00 NOTE

Check Details

Version: 1.0
Check: LazyData
Result: NOTE 'LazyData' is specified without a 'data' directory Flavors: r-devel-linux-x86_64-debian-clang, r-devel-linux-x86_64-debian-gcc, r-devel-linux-x86_64-fedora-clang, r-devel-linux-x86_64-fedora-gcc, r-prerel-macos-arm64, r-prerel-windows-x86_64, r-patched-linux-x86_64, r-release-linux-x86_64, r-release-macos-arm64, r-release-macos-x86_64, r-release-windows-x86_64, r-oldrel-macos-arm64, r-oldrel-windows-x86_64